NOAA-Style Climate Reports
Select a Year or Month report
2024: Jan Feb Mar Apr May Jun Jul Aug Sep Oct Nov Dec
2023: Jan Feb Mar Apr May Jun Jul Aug Sep Oct Nov Dec
2022: Jan Feb Mar Apr May Jun Jul Aug Sep Oct Nov Dec
2021: Jan Feb Mar Apr May Jun Jul Aug Sep Oct Nov Dec
2020: Jan Feb Mar Apr May Jun Jul Aug Sep Oct Nov Dec
2019: Jan Feb Mar Apr May Jun Jul Aug Sep Oct Nov Dec
2018: Jan Feb Mar Apr May Jun Jul Aug Sep Oct Nov Dec
2017: Jan Feb Mar Apr May Jun Jul Aug Sep Oct Nov Dec
2016: Jan Feb Mar Apr May Jun Jul Aug Sep Oct Nov Dec
2015: Jan Feb Mar Apr May Jun Jul Aug Sep Oct Nov Dec
2014: Jan Feb Mar Apr May Jun Jul Aug Sep Oct Nov Dec
2013: Jan Feb Mar Apr May Jun Jul Aug Sep Oct Nov Dec
2024: Jan Feb Mar Apr May Jun Jul Aug Sep Oct Nov Dec
2023: Jan Feb Mar Apr May Jun Jul Aug Sep Oct Nov Dec
2022: Jan Feb Mar Apr May Jun Jul Aug Sep Oct Nov Dec
2021: Jan Feb Mar Apr May Jun Jul Aug Sep Oct Nov Dec
2020: Jan Feb Mar Apr May Jun Jul Aug Sep Oct Nov Dec
2019: Jan Feb Mar Apr May Jun Jul Aug Sep Oct Nov Dec
2018: Jan Feb Mar Apr May Jun Jul Aug Sep Oct Nov Dec
2017: Jan Feb Mar Apr May Jun Jul Aug Sep Oct Nov Dec
2016: Jan Feb Mar Apr May Jun Jul Aug Sep Oct Nov Dec
2015: Jan Feb Mar Apr May Jun Jul Aug Sep Oct Nov Dec
2014: Jan Feb Mar Apr May Jun Jul Aug Sep Oct Nov Dec
2013: Jan Feb Mar Apr May Jun Jul Aug Sep Oct Nov Dec
Report for 2018 August
Monthly Climatological Summary for Aug 2018 Name: GosportWX.com City: Gosport State: IN Elevation: 791 ft Lat: N 39 17 52 Lon: W 086 41 56 Temperature (°F), Rain (in), Wind Speed (mph) Heat Cool Avg Mean Deg Deg Wind Dom Day Temp High Time Low Time Days Days Rain Speed High Time Dir ---------------------------------------------------------------------------------- 01 69.8 79.3 15:08 62.1 05:50 0.5 5.3 0.01 0.3 11.2 11:28 WNW 02 71.0 82.9 14:53 59.4 07:28 1.2 7.2 0.00 0.4 9.5 11:44 WSW 03 73.7 83.8 16:42 64.2 06:50 0.0 8.8 0.19 0.5 11.2 10:05 WSW 04 77.6 87.8 14:26 69.1 06:48 0.0 12.6 0.00 0.6 13.4 18:20 SW 05 77.8 88.9 14:39 67.1 06:52 0.0 12.8 0.00 0.4 9.5 14:48 WSW 06 77.0 80.4 21:40 69.8 05:46 0.0 12.0 0.00 0.5 11.2 09:53 WSW 07 75.5 81.9 15:52 70.0 03:34 0.0 10.5 0.45 0.8 28.5 02:06 WSW 08 75.9 83.8 16:11 70.7 03:21 0.0 10.8 0.01 0.7 13.4 16:04 WSW 09 74.6 83.5 14:46 66.0 06:16 0.0 9.6 0.00 0.3 5.6 00:46 SW 10 75.9 84.4 14:47 69.4 04:47 0.0 10.9 0.00 0.4 5.6 10:17 WSW 11 74.5 81.3 13:45 68.7 07:48 0.0 9.3 0.00 1.2 24.6 14:43 N 12 73.5 86.2 14:20 63.0 06:54 0.2 8.7 0.00 0.3 17.3 16:51 NW 13 73.4 85.1 14:35 63.7 07:08 0.1 8.5 0.00 0.5 17.3 15:55 N 14 73.3 85.6 14:45 63.5 07:19 0.1 8.4 0.00 0.2 9.5 12:09 WSW 15 72.5 74.7 10:37 70.3 23:06 0.0 7.5 0.57 0.2 13.4 20:11 SW 16 69.0 70.3 00:00 68.5 01:59 0.0 4.0 0.06 0.3 13.4 17:59 SW 17 72.2 79.7 15:38 69.1 00:00 0.0 7.2 1.12 0.3 19.0 17:39 WSW 18 73.6 82.0 17:10 68.9 08:08 0.0 8.6 0.10 0.4 19.0 12:42 N 19 74.2 85.3 14:51 65.8 07:01 0.0 9.2 0.00 0.4 17.3 12:42 NNE 20 74.7 82.8 16:48 67.3 04:19 0.0 9.7 0.01 0.8 17.3 15:58 SW 21 72.9 79.7 16:41 67.8 23:52 0.0 7.9 0.13 1.4 19.0 04:37 WSW 22 68.5 76.5 14:37 59.2 23:55 0.5 4.0 0.00 0.8 32.4 16:18 N 23 65.6 79.0 14:47 54.0 07:17 3.5 4.0 0.00 0.2 11.2 13:47 SSW 24 64.9 71.8 16:42 55.9 05:34 2.5 2.4 0.00 0.4 15.1 17:15 SSW 25 74.7 84.7 17:23 68.7 09:43 0.0 9.7 0.37 1.0 20.7 12:41 SSW 26 80.5 88.7 15:33 75.2 07:30 0.0 15.5 0.00 1.1 13.4 09:46 SW 27 79.9 88.7 14:51 72.1 07:07 0.0 14.9 0.00 0.9 17.3 11:00 SW 28 80.0 89.6 15:52 71.8 06:49 0.0 15.0 0.00 0.8 22.9 12:10 SW 29 77.2 86.2 14:28 71.1 23:42 0.0 12.2 0.01 0.7 20.7 12:12 WSW 30 72.1 80.6 17:05 65.7 23:50 0.0 7.1 0.00 0.9 20.7 09:22 N 31 70.2 84.7 14:43 62.1 07:08 0.7 5.9 0.19 0.2 28.5 15:27 SSE ---------------------------------------------------------------------------------- 73.7 89.6 28 54.0 23 9.3 280.2 3.22 0.6 32.4 22 WSW Max >= 80.0 23 Max <= 32.0 0 Min <= 32.0 0 Min <= 0.0 0 Max Rain: 1.12 on day 17 Days of Rain: 13 (>= 0.01 in) 8 (>= 0.10 in) 1 (>= 1.00 in) Heat Base: 65.0 Cool Base: 65.0 Method: Integration