NOAA-Style Climate Reports
Select a Year or Month report
2024: Jan Feb Mar Apr May Jun Jul Aug Sep Oct Nov Dec
2023: Jan Feb Mar Apr May Jun Jul Aug Sep Oct Nov Dec
2022: Jan Feb Mar Apr May Jun Jul Aug Sep Oct Nov Dec
2021: Jan Feb Mar Apr May Jun Jul Aug Sep Oct Nov Dec
2020: Jan Feb Mar Apr May Jun Jul Aug Sep Oct Nov Dec
2019: Jan Feb Mar Apr May Jun Jul Aug Sep Oct Nov Dec
2018: Jan Feb Mar Apr May Jun Jul Aug Sep Oct Nov Dec
2017: Jan Feb Mar Apr May Jun Jul Aug Sep Oct Nov Dec
2016: Jan Feb Mar Apr May Jun Jul Aug Sep Oct Nov Dec
2015: Jan Feb Mar Apr May Jun Jul Aug Sep Oct Nov Dec
2014: Jan Feb Mar Apr May Jun Jul Aug Sep Oct Nov Dec
2013: Jan Feb Mar Apr May Jun Jul Aug Sep Oct Nov Dec
2024: Jan Feb Mar Apr May Jun Jul Aug Sep Oct Nov Dec
2023: Jan Feb Mar Apr May Jun Jul Aug Sep Oct Nov Dec
2022: Jan Feb Mar Apr May Jun Jul Aug Sep Oct Nov Dec
2021: Jan Feb Mar Apr May Jun Jul Aug Sep Oct Nov Dec
2020: Jan Feb Mar Apr May Jun Jul Aug Sep Oct Nov Dec
2019: Jan Feb Mar Apr May Jun Jul Aug Sep Oct Nov Dec
2018: Jan Feb Mar Apr May Jun Jul Aug Sep Oct Nov Dec
2017: Jan Feb Mar Apr May Jun Jul Aug Sep Oct Nov Dec
2016: Jan Feb Mar Apr May Jun Jul Aug Sep Oct Nov Dec
2015: Jan Feb Mar Apr May Jun Jul Aug Sep Oct Nov Dec
2014: Jan Feb Mar Apr May Jun Jul Aug Sep Oct Nov Dec
2013: Jan Feb Mar Apr May Jun Jul Aug Sep Oct Nov Dec
Report for 2018 May
Monthly Climatological Summary for May 2018 Name: GosportWX.com City: Gosport State: IN Elevation: 791 ft Lat: N 39 17 52 Lon: W 086 41 56 Temperature (°F), Rain (in), Wind Speed (mph) Heat Cool Avg Mean Deg Deg Wind Dom Day Temp High Time Low Time Days Days Rain Speed High Time Dir ---------------------------------------------------------------------------------- 01 68.1 82.6 16:52 50.9 04:51 4.0 7.1 0.00 2.5 30.2 14:27 SSW 02 75.5 84.0 15:30 67.3 02:40 0.0 10.5 0.00 4.2 43.6 17:56 SW 03 71.5 76.1 00:09 65.5 10:57 0.0 6.5 0.34 3.7 38.0 16:04 SW 04 71.3 78.6 14:03 59.4 23:52 0.3 6.6 0.00 4.0 41.9 13:32 WSW 05 63.2 72.7 15:15 53.8 05:04 4.1 2.3 0.00 0.4 13.4 09:37 NNE 06 68.6 84.7 13:32 55.6 06:47 2.7 6.3 0.10 1.8 41.9 15:09 WNW 07 63.1 75.0 14:06 50.4 06:32 4.9 3.0 0.00 1.7 30.2 11:58 NNE 08 63.0 79.3 16:53 44.8 07:03 6.8 4.8 0.00 0.7 26.8 16:43 NNE 09 68.8 82.8 17:29 50.9 04:56 3.9 7.7 0.00 2.0 26.8 16:52 SSW 10 72.4 84.4 16:33 60.8 07:11 0.5 7.9 0.09 1.4 22.9 00:08 W 11 73.4 85.8 16:13 59.5 05:46 1.1 9.4 0.00 1.5 28.5 13:30 WSW 12 77.1 85.8 16:04 71.1 07:13 0.0 12.1 0.01 1.9 19.0 05:09 WSW 13 78.7 89.4 16:13 70.5 01:07 0.0 13.6 0.00 1.9 20.7 15:42 WSW 14 79.7 90.0 17:04 69.8 06:43 0.0 14.7 0.00 1.2 22.9 19:19 SW 15 76.9 87.8 14:39 66.6 07:11 0.0 11.9 0.00 1.4 20.7 16:19 WNW 16 71.2 77.4 17:25 65.3 23:59 0.0 6.2 0.00 0.9 19.0 09:57 N 17 72.0 83.8 16:07 61.5 07:05 0.7 7.7 0.06 1.3 32.4 11:16 N 18 68.7 73.0 15:04 63.7 04:56 0.1 3.8 0.03 0.9 17.3 18:21 N 19 71.6 79.0 18:15 66.0 04:45 0.0 6.5 0.28 0.8 13.4 11:08 WSW 20 74.0 86.7 16:30 62.2 06:37 0.3 9.3 0.00 0.8 15.1 16:27 W 21 71.3 82.8 14:22 64.8 06:31 0.0 6.3 0.58 0.3 15.1 15:47 WSW 22 72.6 83.3 16:48 64.2 06:55 0.0 7.6 0.07 0.7 13.4 12:19 W 23 70.6 82.6 16:55 58.6 06:28 1.1 6.7 0.00 1.0 22.9 16:57 N 24 70.3 82.8 14:51 57.0 06:37 2.0 7.3 0.00 0.6 20.7 11:24 NNW 25 72.5 86.9 14:37 55.9 06:32 2.2 9.8 0.00 0.6 15.1 15:11 SW 26 76.5 86.5 15:58 68.9 06:12 0.0 11.5 0.00 0.9 13.4 13:10 WSW 27 79.3 92.5 14:29 69.4 05:11 0.0 14.3 0.00 0.5 19.0 15:59 SW 28 79.3 93.4 14:12 66.4 06:42 0.0 14.3 0.03 0.6 17.3 15:08 NNW 29 77.9 89.2 14:11 68.5 04:14 0.0 12.9 0.03 0.8 28.5 12:15 NW 30 73.8 79.5 09:59 69.3 22:46 0.0 8.8 0.69 1.5 45.9 14:47 WSW 31 74.4 86.2 13:37 69.6 01:20 0.0 9.3 0.58 0.9 24.6 14:15 SW ---------------------------------------------------------------------------------- 72.5 93.4 28 44.8 8 34.7 266.7 2.89 1.4 45.9 30 WSW Max >= 80.0 22 Max <= 32.0 0 Min <= 32.0 0 Min <= 0.0 0 Max Rain: 0.69 on day 30 Days of Rain: 13 (>= 0.01 in) 6 (>= 0.10 in) 0 (>= 1.00 in) Heat Base: 65.0 Cool Base: 65.0 Method: Integration