NOAA-Style Climate Reports
Select a Year or Month report
2024: Jan Feb Mar Apr May Jun Jul Aug Sep Oct Nov Dec
2023: Jan Feb Mar Apr May Jun Jul Aug Sep Oct Nov Dec
2022: Jan Feb Mar Apr May Jun Jul Aug Sep Oct Nov Dec
2021: Jan Feb Mar Apr May Jun Jul Aug Sep Oct Nov Dec
2020: Jan Feb Mar Apr May Jun Jul Aug Sep Oct Nov Dec
2019: Jan Feb Mar Apr May Jun Jul Aug Sep Oct Nov Dec
2018: Jan Feb Mar Apr May Jun Jul Aug Sep Oct Nov Dec
2017: Jan Feb Mar Apr May Jun Jul Aug Sep Oct Nov Dec
2016: Jan Feb Mar Apr May Jun Jul Aug Sep Oct Nov Dec
2015: Jan Feb Mar Apr May Jun Jul Aug Sep Oct Nov Dec
2014: Jan Feb Mar Apr May Jun Jul Aug Sep Oct Nov Dec
2013: Jan Feb Mar Apr May Jun Jul Aug Sep Oct Nov Dec
2024: Jan Feb Mar Apr May Jun Jul Aug Sep Oct Nov Dec
2023: Jan Feb Mar Apr May Jun Jul Aug Sep Oct Nov Dec
2022: Jan Feb Mar Apr May Jun Jul Aug Sep Oct Nov Dec
2021: Jan Feb Mar Apr May Jun Jul Aug Sep Oct Nov Dec
2020: Jan Feb Mar Apr May Jun Jul Aug Sep Oct Nov Dec
2019: Jan Feb Mar Apr May Jun Jul Aug Sep Oct Nov Dec
2018: Jan Feb Mar Apr May Jun Jul Aug Sep Oct Nov Dec
2017: Jan Feb Mar Apr May Jun Jul Aug Sep Oct Nov Dec
2016: Jan Feb Mar Apr May Jun Jul Aug Sep Oct Nov Dec
2015: Jan Feb Mar Apr May Jun Jul Aug Sep Oct Nov Dec
2014: Jan Feb Mar Apr May Jun Jul Aug Sep Oct Nov Dec
2013: Jan Feb Mar Apr May Jun Jul Aug Sep Oct Nov Dec
Report for 2018 March
Monthly Climatological Summary for Mar 2018 Name: GosportWX.com City: Gosport State: IN Elevation: 791 ft Lat: N 39 17 52 Lon: W 086 41 56 Temperature (°F), Rain (in), Wind Speed (mph) Heat Cool Avg Mean Deg Deg Wind Dom Day Temp High Time Low Time Days Days Rain Speed High Time Dir ---------------------------------------------------------------------------------- 01 49.8 56.7 09:44 35.6 23:57 15.2 0.0 0.66 3.5 41.9 11:33 WNW 02 38.4 49.6 14:50 29.5 06:37 26.6 0.0 0.00 0.9 22.9 12:43 NW 03 38.6 52.0 15:08 27.0 07:19 26.4 0.0 0.00 0.9 20.7 15:48 NW 04 40.5 55.0 14:25 27.7 07:31 24.5 0.0 0.00 1.1 17.3 15:03 NE 05 40.2 47.5 15:31 32.9 05:07 24.8 0.0 0.09 1.4 20.7 09:16 ENE 06 40.6 53.8 13:13 30.2 06:34 24.4 0.0 0.01 3.5 49.2 12:47 W 07 33.8 39.7 15:56 30.7 01:33 31.2 0.0 0.00 5.5 41.9 12:39 WNW 08 28.8 32.4 00:00 24.4 07:42 36.2 0.0 0.00 4.1 34.1 14:22 NW 09 34.0 45.0 15:54 24.6 06:56 31.0 0.0 0.00 1.5 22.9 14:07 W 10 39.8 51.4 15:13 28.9 07:08 25.2 0.0 0.00 1.4 22.9 14:10 NNW 11 36.7 42.1 14:52 30.6 04:50 27.1 0.0 0.00 2.0 24.6 18:34 NNW 12 33.5 40.5 17:46 25.3 08:02 31.5 0.0 0.00 1.9 20.7 16:53 NW 13 31.9 43.5 14:05 23.9 06:54 33.1 0.0 0.00 2.2 36.4 16:07 NW 14 31.2 43.5 18:08 20.5 07:38 33.8 0.0 0.01 3.1 38.0 15:02 WNW 15 44.8 58.6 15:22 34.2 08:02 20.2 0.0 0.00 2.8 32.4 01:54 WNW 16 39.3 50.5 16:56 27.3 07:59 25.7 0.0 0.00 2.0 26.8 09:15 N 17 38.5 43.2 14:23 32.9 06:26 26.5 0.0 0.19 0.9 15.1 13:18 N 18 42.2 58.6 15:11 26.8 08:03 22.8 0.0 0.00 0.8 17.3 11:05 NNW 19 48.3 66.2 14:51 35.1 06:39 16.7 0.0 0.01 1.9 32.4 20:23 N 20 33.6 39.4 00:00 30.6 07:55 31.4 0.0 0.33 0.9 39.7 18:21 NNW 21 36.2 46.9 15:59 30.0 07:28 28.8 0.0 0.18 1.4 30.2 13:03 NW 22 37.1 51.1 15:54 24.8 08:08 27.8 0.0 0.00 1.4 24.6 13:00 NW 23 40.3 53.8 14:56 28.4 03:39 24.7 0.0 0.00 1.0 19.0 13:30 NNW 24 34.8 43.2 00:00 32.5 16:38 30.2 0.0 0.49 1.9 32.4 13:28 NNE 25 33.1 37.8 22:31 32.7 00:00 31.9 0.0 0.54 2.7 15.1 22:25 N 26 45.0 58.6 17:36 30.0 07:52 20.0 0.0 0.30 1.3 30.2 22:40 SSE 27 52.7 55.2 16:01 50.0 05:05 12.3 0.0 1.20 2.1 24.6 12:32 SW 28 51.0 58.3 17:03 46.0 06:53 14.0 0.0 0.33 0.2 11.2 16:08 WNW 29 50.6 54.1 00:00 44.8 23:46 14.4 0.0 2.32 0.8 28.5 22:55 NNW 30 44.5 53.2 15:06 38.3 08:06 20.5 0.0 0.03 1.4 24.6 00:19 NNW 31 46.4 58.3 13:23 34.7 04:06 18.6 0.0 0.19 2.9 36.4 11:31 WSW ---------------------------------------------------------------------------------- 39.9 66.2 19 20.5 14 777.5 0.0 6.88 1.9 49.2 6 NW Max >= 80.0 0 Max <= 32.0 0 Min <= 32.0 19 Min <= 0.0 0 Max Rain: 2.32 on day 29 Days of Rain: 16 (>= 0.01 in) 11 (>= 0.10 in) 2 (>= 1.00 in) Heat Base: 65.0 Cool Base: 65.0 Method: Integration