NOAA-Style Climate Reports
Select a Year or Month report
2024: Jan Feb Mar Apr May Jun Jul Aug Sep Oct Nov Dec
2023: Jan Feb Mar Apr May Jun Jul Aug Sep Oct Nov Dec
2022: Jan Feb Mar Apr May Jun Jul Aug Sep Oct Nov Dec
2021: Jan Feb Mar Apr May Jun Jul Aug Sep Oct Nov Dec
2020: Jan Feb Mar Apr May Jun Jul Aug Sep Oct Nov Dec
2019: Jan Feb Mar Apr May Jun Jul Aug Sep Oct Nov Dec
2018: Jan Feb Mar Apr May Jun Jul Aug Sep Oct Nov Dec
2017: Jan Feb Mar Apr May Jun Jul Aug Sep Oct Nov Dec
2016: Jan Feb Mar Apr May Jun Jul Aug Sep Oct Nov Dec
2015: Jan Feb Mar Apr May Jun Jul Aug Sep Oct Nov Dec
2014: Jan Feb Mar Apr May Jun Jul Aug Sep Oct Nov Dec
2013: Jan Feb Mar Apr May Jun Jul Aug Sep Oct Nov Dec
2024: Jan Feb Mar Apr May Jun Jul Aug Sep Oct Nov Dec
2023: Jan Feb Mar Apr May Jun Jul Aug Sep Oct Nov Dec
2022: Jan Feb Mar Apr May Jun Jul Aug Sep Oct Nov Dec
2021: Jan Feb Mar Apr May Jun Jul Aug Sep Oct Nov Dec
2020: Jan Feb Mar Apr May Jun Jul Aug Sep Oct Nov Dec
2019: Jan Feb Mar Apr May Jun Jul Aug Sep Oct Nov Dec
2018: Jan Feb Mar Apr May Jun Jul Aug Sep Oct Nov Dec
2017: Jan Feb Mar Apr May Jun Jul Aug Sep Oct Nov Dec
2016: Jan Feb Mar Apr May Jun Jul Aug Sep Oct Nov Dec
2015: Jan Feb Mar Apr May Jun Jul Aug Sep Oct Nov Dec
2014: Jan Feb Mar Apr May Jun Jul Aug Sep Oct Nov Dec
2013: Jan Feb Mar Apr May Jun Jul Aug Sep Oct Nov Dec
Report for 2017 September
Monthly Climatological Summary for Sep 2017 Name: GosportWX.com City: Gosport State: IN Elevation: 791 ft Lat: N 39° 17' 52" Lon: W 086° 41' 56" Temperature (°F), Rain (in), Wind Speed (mph) Heat Cool Avg Mean Deg Deg Wind Dom Day Temp High Time Low Time Days Days Rain Speed High Time Dir ---------------------------------------------------------------------------------- 1 62.1 67.8 00:00 56.8 22:42 3.0 0.1 0.00 2.6 34.1 09:19 NW 2 62.8 74.8 16:27 52.9 07:52 4.5 2.3 0.00 1.0 15.1 00:19 WNW 3 67.9 82.8 14:47 56.5 01:51 2.2 5.1 0.00 0.5 9.5 12:59 W 4 73.4 89.1 15:23 55.9 05:20 2.0 10.7 0.35 2.1 26.8 15:31 WSW 5 66.7 73.0 00:00 56.1 23:32 1.1 2.7 0.02 0.5 17.3 17:19 W 6 56.7 66.7 15:05 49.8 07:50 8.3 0.0 0.08 0.6 20.7 19:01 W 7 57.6 70.3 17:04 47.8 06:52 8.2 0.8 0.00 1.0 15.1 12:14 W 8 62.2 77.9 14:47 47.8 07:41 5.9 3.1 0.00 0.6 11.2 13:23 W 9 61.9 75.4 15:56 51.6 06:59 5.7 2.6 0.00 0.9 20.7 15:03 NW 10 58.9 74.3 14:45 45.9 07:10 8.3 2.2 0.00 0.9 22.9 13:48 NNW 11 58.8 72.1 15:09 46.8 06:43 7.8 1.6 0.00 0.7 24.6 15:58 NW 12 63.2 71.1 16:55 54.7 02:20 3.2 1.4 0.00 1.3 22.9 18:27 NW 13 63.4 65.5 13:10 61.7 05:58 1.7 0.1 0.19 0.2 11.2 00:18 NW 14 66.3 75.7 17:15 61.9 05:27 1.3 2.6 0.03 0.2 13.4 15:35 E 15 68.8 83.8 14:46 55.9 07:19 2.6 6.4 0.00 0.4 15.1 14:47 WNW 16 71.9 87.1 14:42 59.5 08:02 0.9 7.8 0.00 0.5 13.4 14:12 WNW 17 73.6 88.5 14:41 62.4 07:50 0.3 8.8 0.39 0.5 19.0 20:04 SW 18 73.7 83.1 14:39 68.0 06:55 0.0 8.7 0.02 0.4 15.1 11:27 SW 19 72.6 81.9 16:48 67.3 06:57 0.0 7.6 0.21 0.5 13.4 14:05 WSW 20 75.1 89.1 16:22 63.9 07:05 0.1 10.2 0.00 0.6 13.4 13:44 SW 21 78.6 92.1 16:15 68.5 06:49 0.0 13.6 0.00 0.6 13.4 13:43 SW 22 76.5 90.9 15:54 67.3 07:09 0.0 11.5 0.00 0.4 13.4 12:48 NNE 23 75.3 89.6 14:37 64.4 07:56 0.0 10.3 0.00 0.5 22.9 15:51 NNE 24 73.7 90.3 14:49 63.0 07:54 0.3 9.0 0.00 0.6 24.6 13:48 NNE 25 72.3 88.9 14:31 59.2 07:08 1.7 9.0 0.00 0.4 13.4 17:01 NE 26 75.0 90.5 16:34 63.1 07:57 0.2 10.2 0.00 0.5 11.2 11:37 W 27 71.4 81.3 13:25 62.6 23:57 0.1 6.5 0.00 0.8 17.3 09:57 WNW 28 62.0 73.2 14:37 52.2 07:37 4.9 1.8 0.00 0.9 22.9 11:21 NW 29 61.9 79.9 15:04 46.6 07:55 6.9 3.8 0.00 1.0 17.3 20:00 WNW 30 57.5 71.1 14:35 45.0 07:43 8.7 1.2 0.00 0.9 22.9 13:08 NNW ---------------------------------------------------------------------------------- 67.4 92.1 21 45.0 30 89.9 161.7 1.29 0.8 34.1 1 WNW Max >= 80.0: 15 Max <= 32.0: 0 Min <= 32.0: 0 Min <= 0.0: 0 Max Rain: 0.39 on day 17 Days of Rain: 8 (>= 0.01 in) 4 (>= 0.10 in) 0 (>= 1.00 in) Heat Base: 65.0 Cool Base: 65.0 Method: Integration