NOAA-Style Climate Reports
Select a Year or Month report
2024: Jan Feb Mar Apr May Jun Jul Aug Sep Oct Nov Dec
2023: Jan Feb Mar Apr May Jun Jul Aug Sep Oct Nov Dec
2022: Jan Feb Mar Apr May Jun Jul Aug Sep Oct Nov Dec
2021: Jan Feb Mar Apr May Jun Jul Aug Sep Oct Nov Dec
2020: Jan Feb Mar Apr May Jun Jul Aug Sep Oct Nov Dec
2019: Jan Feb Mar Apr May Jun Jul Aug Sep Oct Nov Dec
2018: Jan Feb Mar Apr May Jun Jul Aug Sep Oct Nov Dec
2017: Jan Feb Mar Apr May Jun Jul Aug Sep Oct Nov Dec
2016: Jan Feb Mar Apr May Jun Jul Aug Sep Oct Nov Dec
2015: Jan Feb Mar Apr May Jun Jul Aug Sep Oct Nov Dec
2014: Jan Feb Mar Apr May Jun Jul Aug Sep Oct Nov Dec
2013: Jan Feb Mar Apr May Jun Jul Aug Sep Oct Nov Dec
2024: Jan Feb Mar Apr May Jun Jul Aug Sep Oct Nov Dec
2023: Jan Feb Mar Apr May Jun Jul Aug Sep Oct Nov Dec
2022: Jan Feb Mar Apr May Jun Jul Aug Sep Oct Nov Dec
2021: Jan Feb Mar Apr May Jun Jul Aug Sep Oct Nov Dec
2020: Jan Feb Mar Apr May Jun Jul Aug Sep Oct Nov Dec
2019: Jan Feb Mar Apr May Jun Jul Aug Sep Oct Nov Dec
2018: Jan Feb Mar Apr May Jun Jul Aug Sep Oct Nov Dec
2017: Jan Feb Mar Apr May Jun Jul Aug Sep Oct Nov Dec
2016: Jan Feb Mar Apr May Jun Jul Aug Sep Oct Nov Dec
2015: Jan Feb Mar Apr May Jun Jul Aug Sep Oct Nov Dec
2014: Jan Feb Mar Apr May Jun Jul Aug Sep Oct Nov Dec
2013: Jan Feb Mar Apr May Jun Jul Aug Sep Oct Nov Dec
Report for 2017 July
Monthly Climatological Summary for Jul 2017 Name: GosportWX.com City: Gosport State: IN Elevation: 791 ft Lat: N 39° 17' 52" Lon: W 086° 41' 56" Temperature (°F), Rain (in), Wind Speed (mph) Heat Cool Avg Mean Deg Deg Wind Dom Day Temp High Time Low Time Days Days Rain Speed High Time Dir ---------------------------------------------------------------------------------- 1 75.4 84.2 16:57 68.9 06:31 0.0 10.4 0.00 1.3 13.4 14:01 W 2 75.8 86.9 14:46 65.1 03:21 0.0 10.8 0.00 1.3 15.1 12:39 WSW 3 76.3 88.0 16:41 63.5 06:51 0.1 11.3 0.00 0.3 9.5 16:33 E 4 77.9 90.7 15:25 68.0 05:55 0.0 12.9 0.00 0.5 15.1 12:57 NNW 5 77.0 86.9 13:28 69.4 06:21 0.0 12.0 0.00 0.4 13.4 12:17 N 6 74.2 81.1 13:26 70.2 03:54 0.0 9.1 0.45 0.3 11.2 14:07 WNW 7 76.1 88.9 15:03 67.5 23:34 0.0 11.1 1.23 2.0 32.4 18:51 WSW 8 72.8 82.9 15:04 64.4 06:34 0.0 7.8 0.00 0.6 17.3 13:04 WNW 9 72.4 84.9 17:00 58.3 07:04 1.4 8.8 0.00 0.6 11.2 16:33 WSW 10 78.4 85.6 17:41 73.4 03:14 0.0 13.4 0.00 2.1 26.8 12:48 SW 11 75.4 80.2 00:41 69.8 10:33 0.0 10.4 1.68 1.0 30.2 13:19 SW 12 79.9 90.1 16:34 71.1 06:46 0.0 14.9 0.00 1.1 19.0 13:17 SW 13 78.2 86.9 17:34 72.0 19:18 0.0 13.3 0.43 1.7 30.2 18:24 WSW 14 76.3 84.2 16:32 68.4 23:55 0.0 11.3 0.00 1.1 15.1 15:13 W 15 70.0 80.2 16:31 59.4 06:40 1.0 6.0 0.00 0.5 19.0 10:32 NW 16 73.3 85.3 14:38 61.5 07:01 0.6 9.0 0.00 0.5 15.1 11:16 WSW 17 76.8 87.1 14:22 67.5 06:51 0.0 11.8 0.00 0.3 11.2 10:47 NNW 18 77.0 87.4 15:00 68.2 05:19 0.0 12.0 0.00 0.4 9.5 13:05 W 19 75.7 86.7 17:02 64.9 06:45 0.0 10.7 0.00 0.2 7.8 10:38 WSW 20 80.2 90.3 15:37 72.0 05:25 0.0 15.2 0.00 0.5 13.4 15:29 WSW 21 83.5 92.8 14:55 76.6 09:01 0.0 18.5 0.00 0.8 11.2 04:08 WSW 22 83.3 93.2 16:40 76.1 23:35 0.0 18.2 0.57 1.0 17.3 11:17 WSW 23 75.3 84.4 17:05 70.3 06:05 0.0 10.4 0.45 0.4 13.4 09:35 WSW 24 75.6 85.5 14:54 67.6 07:10 0.0 10.6 0.00 0.6 17.3 15:14 NW 25 71.8 82.4 15:00 61.0 06:35 0.6 7.3 0.00 0.9 19.0 12:51 NW 26 74.8 88.2 14:54 61.0 06:43 0.8 10.5 0.00 0.3 13.4 14:27 SSE 27 76.3 82.0 16:06 72.7 08:29 0.0 11.3 0.22 1.1 19.0 14:24 W 28 76.6 84.4 13:30 69.1 23:57 0.0 11.6 0.00 1.2 26.8 19:02 NW 29 69.5 80.2 14:51 59.5 06:49 1.0 5.5 0.00 1.2 24.6 14:24 NW 30 69.7 83.7 15:12 55.8 06:55 2.7 7.4 0.00 0.8 19.0 12:54 NW 31 73.3 86.9 13:53 61.9 06:46 0.5 8.8 0.00 0.5 15.1 11:29 NNW ---------------------------------------------------------------------------------- 75.8 93.2 22 55.8 30 8.7 342.3 5.03 0.8 32.4 7 W Max >= 80.0: 31 Max <= 32.0: 0 Min <= 32.0: 0 Min <= 0.0: 0 Max Rain: 1.68 on day 11 Days of Rain: 7 (>= 0.01 in) 7 (>= 0.10 in) 2 (>= 1.00 in) Heat Base: 65.0 Cool Base: 65.0 Method: Integration