NOAA-Style Climate Reports
Select a Year or Month report
2024: Jan Feb Mar Apr May Jun Jul Aug Sep Oct Nov Dec
2023: Jan Feb Mar Apr May Jun Jul Aug Sep Oct Nov Dec
2022: Jan Feb Mar Apr May Jun Jul Aug Sep Oct Nov Dec
2021: Jan Feb Mar Apr May Jun Jul Aug Sep Oct Nov Dec
2020: Jan Feb Mar Apr May Jun Jul Aug Sep Oct Nov Dec
2019: Jan Feb Mar Apr May Jun Jul Aug Sep Oct Nov Dec
2018: Jan Feb Mar Apr May Jun Jul Aug Sep Oct Nov Dec
2017: Jan Feb Mar Apr May Jun Jul Aug Sep Oct Nov Dec
2016: Jan Feb Mar Apr May Jun Jul Aug Sep Oct Nov Dec
2015: Jan Feb Mar Apr May Jun Jul Aug Sep Oct Nov Dec
2014: Jan Feb Mar Apr May Jun Jul Aug Sep Oct Nov Dec
2013: Jan Feb Mar Apr May Jun Jul Aug Sep Oct Nov Dec
2024: Jan Feb Mar Apr May Jun Jul Aug Sep Oct Nov Dec
2023: Jan Feb Mar Apr May Jun Jul Aug Sep Oct Nov Dec
2022: Jan Feb Mar Apr May Jun Jul Aug Sep Oct Nov Dec
2021: Jan Feb Mar Apr May Jun Jul Aug Sep Oct Nov Dec
2020: Jan Feb Mar Apr May Jun Jul Aug Sep Oct Nov Dec
2019: Jan Feb Mar Apr May Jun Jul Aug Sep Oct Nov Dec
2018: Jan Feb Mar Apr May Jun Jul Aug Sep Oct Nov Dec
2017: Jan Feb Mar Apr May Jun Jul Aug Sep Oct Nov Dec
2016: Jan Feb Mar Apr May Jun Jul Aug Sep Oct Nov Dec
2015: Jan Feb Mar Apr May Jun Jul Aug Sep Oct Nov Dec
2014: Jan Feb Mar Apr May Jun Jul Aug Sep Oct Nov Dec
2013: Jan Feb Mar Apr May Jun Jul Aug Sep Oct Nov Dec
Report for 2017 June
Monthly Climatological Summary for Jun 2017 Name: GosportWX.com City: Gosport State: IN Elevation: 791 ft Lat: N 39° 17' 52" Lon: W 086° 41' 56" Temperature (°F), Rain (in), Wind Speed (mph) Heat Cool Avg Mean Deg Deg Wind Dom Day Temp High Time Low Time Days Days Rain Speed High Time Dir ---------------------------------------------------------------------------------- 1 76.1 80.8 14:59 50.3 07:42 0.3 11.5 0.00 2.6 13.4 14:40 W 2 68.9 85.8 14:47 51.3 06:44 4.2 8.1 0.00 0.5 11.2 13:21 W 3 73.3 88.7 14:40 57.0 05:02 2.0 10.3 0.00 0.7 13.4 09:39 SW 4 75.9 87.8 14:56 63.5 07:18 0.1 11.0 0.00 0.9 15.1 12:29 SW 5 77.5 90.9 16:27 68.7 06:44 0.0 12.5 0.03 1.1 19.0 16:46 W 6 69.9 79.0 16:41 60.3 06:48 0.7 5.6 0.00 1.5 28.5 14:09 NW 7 64.4 74.1 13:19 54.7 23:53 2.8 2.2 0.00 1.4 28.5 15:36 NW 8 63.9 77.9 15:05 48.6 06:27 5.3 4.2 0.00 0.8 19.0 12:58 NW 9 72.0 85.3 16:39 59.7 04:32 1.4 8.3 0.00 1.7 20.7 12:30 WSW 10 74.7 86.2 14:48 62.4 06:22 0.2 9.9 0.00 1.4 19.0 16:23 SW 11 77.5 88.3 17:00 67.8 01:54 0.0 12.5 0.00 1.5 20.7 14:25 SW 12 80.6 92.3 17:22 68.0 03:59 0.0 15.6 0.00 1.3 17.3 11:10 SW 13 76.1 88.0 11:37 69.3 14:37 0.0 11.1 0.88 0.7 20.7 13:00 WSW 14 76.6 91.0 15:58 67.3 05:35 0.0 11.6 0.22 1.2 28.5 18:39 WSW 15 74.1 83.3 17:10 67.5 04:04 0.0 9.1 1.47 0.9 24.6 01:12 W 16 76.5 88.2 13:41 64.0 06:37 0.0 11.5 0.00 0.5 13.4 11:49 S 17 78.2 86.9 14:08 67.3 05:54 0.0 13.6 0.00 1.0 19.0 17:01 SSW 18 76.5 81.5 18:01 69.4 23:34 0.0 11.5 0.02 1.9 26.8 11:06 WSW 19 74.2 82.8 15:42 63.0 06:38 0.1 9.3 0.00 2.4 28.5 18:14 W 20 79.4 86.7 16:23 63.3 07:25 0.0 14.3 0.00 1.6 22.9 13:09 W 21 76.7 91.0 15:05 63.1 06:55 0.1 11.8 0.25 1.1 15.1 13:30 WSW 22 75.4 82.4 12:50 70.0 06:23 0.0 10.4 0.30 1.1 20.7 14:01 SSW 23 74.0 77.2 16:35 65.7 23:42 0.0 9.1 0.10 1.2 19.0 04:24 SW 24 69.5 78.8 14:45 61.2 06:35 0.7 5.1 0.00 2.0 20.7 14:44 W 25 67.0 78.6 14:11 57.2 02:57 2.6 4.5 0.00 2.0 24.6 16:29 W 26 61.9 75.7 14:38 50.7 05:27 5.0 1.9 0.00 1.4 22.9 14:43 W 27 62.8 76.6 17:11 48.2 06:42 5.5 3.2 0.00 0.6 15.1 07:03 WNW 28 68.3 82.2 14:56 52.7 05:35 5.0 6.9 0.00 1.1 20.7 15:17 S 29 78.6 88.7 15:55 68.9 02:51 0.0 13.6 0.00 2.2 28.5 09:49 SW 30 76.4 84.6 14:56 68.7 22:26 0.0 11.4 1.92 1.8 17.3 16:04 WSW ---------------------------------------------------------------------------------- 73.2 92.3 12 48.2 27 36.0 281.6 5.19 1.3 28.5 6 WSW Max >= 80.0: 22 Max <= 32.0: 0 Min <= 32.0: 0 Min <= 0.0: 0 Max Rain: 1.92 on day 30 Days of Rain: 9 (>= 0.01 in) 7 (>= 0.10 in) 2 (>= 1.00 in) Heat Base: 65.0 Cool Base: 65.0 Method: Integration