NOAA-Style Climate Reports
Select a Year or Month report
2024: Jan Feb Mar Apr May Jun Jul Aug Sep Oct Nov Dec
2023: Jan Feb Mar Apr May Jun Jul Aug Sep Oct Nov Dec
2022: Jan Feb Mar Apr May Jun Jul Aug Sep Oct Nov Dec
2021: Jan Feb Mar Apr May Jun Jul Aug Sep Oct Nov Dec
2020: Jan Feb Mar Apr May Jun Jul Aug Sep Oct Nov Dec
2019: Jan Feb Mar Apr May Jun Jul Aug Sep Oct Nov Dec
2018: Jan Feb Mar Apr May Jun Jul Aug Sep Oct Nov Dec
2017: Jan Feb Mar Apr May Jun Jul Aug Sep Oct Nov Dec
2016: Jan Feb Mar Apr May Jun Jul Aug Sep Oct Nov Dec
2015: Jan Feb Mar Apr May Jun Jul Aug Sep Oct Nov Dec
2014: Jan Feb Mar Apr May Jun Jul Aug Sep Oct Nov Dec
2013: Jan Feb Mar Apr May Jun Jul Aug Sep Oct Nov Dec
2024: Jan Feb Mar Apr May Jun Jul Aug Sep Oct Nov Dec
2023: Jan Feb Mar Apr May Jun Jul Aug Sep Oct Nov Dec
2022: Jan Feb Mar Apr May Jun Jul Aug Sep Oct Nov Dec
2021: Jan Feb Mar Apr May Jun Jul Aug Sep Oct Nov Dec
2020: Jan Feb Mar Apr May Jun Jul Aug Sep Oct Nov Dec
2019: Jan Feb Mar Apr May Jun Jul Aug Sep Oct Nov Dec
2018: Jan Feb Mar Apr May Jun Jul Aug Sep Oct Nov Dec
2017: Jan Feb Mar Apr May Jun Jul Aug Sep Oct Nov Dec
2016: Jan Feb Mar Apr May Jun Jul Aug Sep Oct Nov Dec
2015: Jan Feb Mar Apr May Jun Jul Aug Sep Oct Nov Dec
2014: Jan Feb Mar Apr May Jun Jul Aug Sep Oct Nov Dec
2013: Jan Feb Mar Apr May Jun Jul Aug Sep Oct Nov Dec
Report for 2017 May
Monthly Climatological Summary for May 2017 Name: GosportWX.com City: Gosport State: IN Elevation: 791 ft Lat: N 39° 17' 52" Lon: W 086° 41' 56" Temperature (°F), Rain (in), Wind Speed (mph) Heat Cool Avg Mean Deg Deg Wind Dom Day Temp High Time Low Time Days Days Rain Speed High Time Dir ---------------------------------------------------------------------------------- 1 55.5 68.7 00:00 47.7 23:58 9.6 0.1 0.32 3.6 30.4 10:53 SW 2 53.8 66.0 16:20 45.5 06:45 11.2 0.0 0.01 4.5 31.8 14:10 W 3 47.1 51.8 11:52 40.5 06:26 17.9 0.0 0.30 0.7 13.9 14:43 NNW 4 47.8 48.7 13:28 0.0 00:28 16.9 0.0 2.00 2.9 22.8 21:41 N 5 49.3 59.4 16:06 43.9 09:07 15.7 0.0 0.90 3.1 34.9 13:13 NW 6 51.2 63.0 14:53 42.1 02:03 13.8 0.0 0.12 1.6 19.7 14:16 WNW 7 51.9 65.1 14:18 39.4 07:22 13.1 0.0 0.00 1.2 21.5 15:10 WNW 8 52.2 64.6 14:51 36.1 06:49 12.8 0.0 0.00 0.4 10.7 09:59 W 9 63.7 79.2 17:26 51.1 03:50 5.4 4.1 0.00 0.9 16.6 14:03 WSW 10 70.5 84.9 13:59 56.7 06:31 2.3 7.8 0.16 1.5 43.6 23:12 WSW 11 63.0 67.1 10:55 57.0 22:27 2.3 0.2 0.23 1.2 17.3 13:51 W 12 60.4 71.1 16:50 52.7 23:59 5.8 1.2 0.00 1.3 26.8 17:06 NW 13 62.8 77.4 16:50 46.0 06:29 6.4 4.2 0.00 0.9 17.3 11:51 W 14 71.1 83.1 17:01 59.4 06:28 1.2 7.3 0.00 2.4 22.9 14:30 W 15 72.3 85.3 14:37 58.1 07:22 0.9 8.2 0.00 1.1 15.1 16:19 SW 16 73.4 85.5 15:17 57.6 06:50 1.0 9.5 0.00 1.9 26.8 11:55 SW 17 75.9 83.7 15:27 68.4 06:16 0.0 10.9 0.00 2.4 30.2 10:10 SSW 18 77.4 86.7 14:51 71.6 07:44 0.0 12.4 0.00 2.5 24.6 09:59 SW 19 73.2 83.5 16:47 65.1 23:58 0.0 8.2 0.90 1.0 32.4 11:19 W 20 68.3 80.8 16:38 59.5 06:36 1.5 4.8 0.54 0.9 20.7 04:06 NNE 21 68.4 75.4 14:39 57.0 23:58 0.6 4.0 0.03 2.3 20.7 09:13 W 22 61.6 73.6 16:51 49.8 04:07 5.7 2.3 0.00 1.0 19.0 16:26 WSW 23 64.3 74.7 13:51 54.1 05:23 3.4 2.7 0.00 0.5 17.3 12:48 NW 24 59.7 62.2 00:00 57.4 23:59 5.3 0.0 0.33 0.4 15.1 16:35 WNW 25 59.6 67.8 18:07 55.4 23:05 5.6 0.2 0.03 2.5 20.7 18:45 W 26 66.9 80.8 14:21 50.7 06:30 4.5 6.4 0.00 0.8 17.3 13:11 S 27 74.8 83.7 14:52 68.0 23:39 0.0 9.8 0.00 1.3 15.1 00:30 W 28 69.0 78.3 17:04 63.5 06:32 0.1 4.1 0.12 1.5 20.7 10:58 WSW 29 71.8 84.6 16:55 60.4 07:12 0.8 7.7 0.00 1.8 22.9 13:38 WSW 30 71.3 79.5 15:07 57.4 07:02 1.5 7.8 0.00 3.0 26.8 14:42 W 31 78.4 78.4 00:00 78.4 00:00 0.0 13.4 0.00 4.8 11.2 00:00 W ---------------------------------------------------------------------------------- 64.1 86.7 18 0.0 4 165.3 137.3 5.99 1.8 43.6 10 W Max >= 80.0: 11 Max <= 32.0: 0 Min <= 32.0: 1 Min <= 0.0: 1 Max Rain: 2.00 on day 4 Days of Rain: 14 (>= 0.01 in) 11 (>= 0.10 in) 1 (>= 1.00 in) Heat Base: 65.0 Cool Base: 65.0 Method: Integration