NOAA-Style Climate Reports
Select a Year or Month report
2024: Jan Feb Mar Apr May Jun Jul Aug Sep Oct Nov Dec
2023: Jan Feb Mar Apr May Jun Jul Aug Sep Oct Nov Dec
2022: Jan Feb Mar Apr May Jun Jul Aug Sep Oct Nov Dec
2021: Jan Feb Mar Apr May Jun Jul Aug Sep Oct Nov Dec
2020: Jan Feb Mar Apr May Jun Jul Aug Sep Oct Nov Dec
2019: Jan Feb Mar Apr May Jun Jul Aug Sep Oct Nov Dec
2018: Jan Feb Mar Apr May Jun Jul Aug Sep Oct Nov Dec
2017: Jan Feb Mar Apr May Jun Jul Aug Sep Oct Nov Dec
2016: Jan Feb Mar Apr May Jun Jul Aug Sep Oct Nov Dec
2015: Jan Feb Mar Apr May Jun Jul Aug Sep Oct Nov Dec
2014: Jan Feb Mar Apr May Jun Jul Aug Sep Oct Nov Dec
2013: Jan Feb Mar Apr May Jun Jul Aug Sep Oct Nov Dec
2024: Jan Feb Mar Apr May Jun Jul Aug Sep Oct Nov Dec
2023: Jan Feb Mar Apr May Jun Jul Aug Sep Oct Nov Dec
2022: Jan Feb Mar Apr May Jun Jul Aug Sep Oct Nov Dec
2021: Jan Feb Mar Apr May Jun Jul Aug Sep Oct Nov Dec
2020: Jan Feb Mar Apr May Jun Jul Aug Sep Oct Nov Dec
2019: Jan Feb Mar Apr May Jun Jul Aug Sep Oct Nov Dec
2018: Jan Feb Mar Apr May Jun Jul Aug Sep Oct Nov Dec
2017: Jan Feb Mar Apr May Jun Jul Aug Sep Oct Nov Dec
2016: Jan Feb Mar Apr May Jun Jul Aug Sep Oct Nov Dec
2015: Jan Feb Mar Apr May Jun Jul Aug Sep Oct Nov Dec
2014: Jan Feb Mar Apr May Jun Jul Aug Sep Oct Nov Dec
2013: Jan Feb Mar Apr May Jun Jul Aug Sep Oct Nov Dec
Report for 2017 April
Monthly Climatological Summary for Apr 2017 Name: GosportWX.com City: Gosport State: IN Elevation: 791 ft Lat: N 39° 17' 52" Lon: W 086° 41' 56" Temperature (°F), Rain (in), Wind Speed (mph) Heat Cool Avg Mean Deg Deg Wind Dom Day Temp High Time Low Time Days Days Rain Speed High Time Dir ---------------------------------------------------------------------------------- 1 45.6 54.9 17:06 40.6 07:54 19.7 0.0 0.00 1.1 15.2 14:10 NNW 2 51.5 68.0 17:22 37.0 06:28 13.9 0.4 0.00 0.7 18.3 14:45 ESE 3 60.3 72.0 14:53 51.8 01:06 5.8 1.1 0.09 2.0 42.5 16:40 SSW 4 57.7 66.0 15:28 51.6 23:59 7.3 0.0 0.03 4.3 29.1 04:54 WNW 5 54.5 66.2 14:13 47.8 06:06 10.6 0.0 0.21 1.7 24.2 07:42 NNE 6 45.3 52.9 00:00 39.2 07:21 19.7 0.0 0.09 4.4 33.6 16:30 NW 7 45.1 57.2 15:30 34.9 07:14 19.9 0.0 0.00 2.8 21.5 17:22 NW 8 50.3 68.2 15:18 30.9 07:43 15.1 0.4 0.00 1.4 22.8 16:46 SSW 9 66.0 77.7 16:32 51.1 01:23 4.0 5.0 0.00 3.6 33.6 13:47 SSW 10 69.4 74.1 16:28 64.6 18:15 0.0 4.4 0.02 3.9 25.9 02:00 SW 11 61.5 70.2 00:00 52.2 23:55 4.2 0.7 0.00 2.8 21.5 04:29 W 12 55.5 69.4 14:57 41.0 07:14 10.3 0.8 0.00 0.9 15.2 10:10 NNW 13 64.0 79.9 14:54 46.0 06:50 6.1 5.1 0.00 1.4 18.3 13:54 SW 14 68.7 83.3 14:10 52.3 07:03 2.9 6.6 0.00 0.9 15.2 14:50 SW 15 72.8 82.2 15:30 62.4 03:55 0.3 8.1 0.00 3.3 31.8 13:03 SW 16 69.1 75.9 15:01 62.6 10:07 0.1 4.3 0.03 2.9 22.8 02:15 WSW 17 61.6 70.5 14:49 50.4 07:06 4.7 1.3 0.00 0.6 16.6 11:30 N 18 62.6 78.1 14:06 43.2 07:13 7.0 4.6 0.00 1.2 21.5 13:49 SSE 19 71.0 81.7 14:50 61.2 00:59 0.3 6.3 0.00 2.3 24.2 14:55 SW 20 70.2 78.3 12:22 63.0 23:50 0.1 5.2 0.84 2.5 36.7 13:54 SW 21 53.0 63.0 00:00 46.0 23:43 12.0 0.0 0.15 1.0 22.8 19:01 NW 22 50.3 59.4 14:42 45.0 03:51 14.7 0.0 0.00 2.1 30.4 17:23 NNW 23 56.1 71.4 16:28 41.4 06:37 10.4 1.4 0.00 1.5 24.2 12:51 NNW 24 61.1 77.5 15:08 41.5 06:45 7.7 3.8 0.00 1.3 22.8 14:43 NNW 25 66.5 78.6 14:41 51.4 06:49 3.3 4.8 0.00 1.2 15.2 14:54 SE 26 70.2 84.9 15:02 59.7 03:10 1.2 6.4 0.00 2.0 22.8 10:36 S 27 56.2 69.3 00:00 46.0 23:58 8.8 0.0 0.18 2.8 21.5 09:38 WSW 28 52.7 62.4 15:58 43.7 02:24 12.3 0.0 1.24 0.6 13.9 18:14 N 29 66.0 78.1 17:34 57.6 00:16 2.7 3.7 1.63 0.6 15.2 16:14 NE 30 65.8 69.4 10:02 61.7 06:32 0.6 1.4 0.93 0.8 24.2 10:34 S ---------------------------------------------------------------------------------- 60.0 84.9 26 30.9 8 225.7 75.8 5.44 2.0 42.5 3 W Max >= 80.0: 4 Max <= 32.0: 0 Min <= 32.0: 1 Min <= 0.0: 0 Max Rain: 1.63 on day 29 Days of Rain: 12 (>= 0.01 in) 7 (>= 0.10 in) 2 (>= 1.00 in) Heat Base: 65.0 Cool Base: 65.0 Method: Integration