NOAA-Style Climate Reports
Select a Year or Month report
2024: Jan Feb Mar Apr May Jun Jul Aug Sep Oct Nov Dec
2023: Jan Feb Mar Apr May Jun Jul Aug Sep Oct Nov Dec
2022: Jan Feb Mar Apr May Jun Jul Aug Sep Oct Nov Dec
2021: Jan Feb Mar Apr May Jun Jul Aug Sep Oct Nov Dec
2020: Jan Feb Mar Apr May Jun Jul Aug Sep Oct Nov Dec
2019: Jan Feb Mar Apr May Jun Jul Aug Sep Oct Nov Dec
2018: Jan Feb Mar Apr May Jun Jul Aug Sep Oct Nov Dec
2017: Jan Feb Mar Apr May Jun Jul Aug Sep Oct Nov Dec
2016: Jan Feb Mar Apr May Jun Jul Aug Sep Oct Nov Dec
2015: Jan Feb Mar Apr May Jun Jul Aug Sep Oct Nov Dec
2014: Jan Feb Mar Apr May Jun Jul Aug Sep Oct Nov Dec
2013: Jan Feb Mar Apr May Jun Jul Aug Sep Oct Nov Dec
2024: Jan Feb Mar Apr May Jun Jul Aug Sep Oct Nov Dec
2023: Jan Feb Mar Apr May Jun Jul Aug Sep Oct Nov Dec
2022: Jan Feb Mar Apr May Jun Jul Aug Sep Oct Nov Dec
2021: Jan Feb Mar Apr May Jun Jul Aug Sep Oct Nov Dec
2020: Jan Feb Mar Apr May Jun Jul Aug Sep Oct Nov Dec
2019: Jan Feb Mar Apr May Jun Jul Aug Sep Oct Nov Dec
2018: Jan Feb Mar Apr May Jun Jul Aug Sep Oct Nov Dec
2017: Jan Feb Mar Apr May Jun Jul Aug Sep Oct Nov Dec
2016: Jan Feb Mar Apr May Jun Jul Aug Sep Oct Nov Dec
2015: Jan Feb Mar Apr May Jun Jul Aug Sep Oct Nov Dec
2014: Jan Feb Mar Apr May Jun Jul Aug Sep Oct Nov Dec
2013: Jan Feb Mar Apr May Jun Jul Aug Sep Oct Nov Dec
Report for 2017 February
Monthly Climatological Summary for Feb 2017 Name: GosportWX.com City: Gosport State: IN Elevation: 791 ft Lat: N 39° 17' 52" Lon: W 086° 41' 56" Temperature (°F), Rain (in), Wind Speed (mph) Heat Cool Avg Mean Deg Deg Wind Dom Day Temp High Time Low Time Days Days Rain Speed High Time Dir ---------------------------------------------------------------------------------- 1 37.9 41.9 12:57 32.0 23:07 27.1 0.0 0.00 1.7 19.7 14:11 WNW 2 27.7 33.8 14:35 22.8 09:08 37.3 0.0 0.00 1.9 19.7 14:48 NW 3 22.0 23.4 00:00 21.7 05:11 43.0 0.0 0.00 1.8 13.9 04:57 NW 4 23.8 37.3 15:50 21.7 00:00 41.8 0.0 0.00 1.9 12.1 23:25 NW 5 39.3 49.6 16:20 31.6 23:54 25.7 0.0 0.00 3.9 34.9 00:52 W 6 40.7 53.8 23:59 26.2 06:58 24.2 0.0 0.08 1.0 21.5 11:40 S 7 58.0 61.7 05:14 47.7 23:42 7.0 0.0 0.17 5.1 30.4 01:58 WSW 8 35.3 47.7 00:00 27.7 23:58 29.7 0.0 0.00 2.2 21.5 15:37 NW 9 21.7 27.7 00:00 16.0 21:51 43.3 0.0 0.00 3.0 21.5 15:19 WNW 10 37.6 54.5 20:39 15.3 01:19 27.4 0.0 0.03 4.0 38.0 14:19 SW 11 57.4 65.3 14:10 51.3 08:01 7.6 0.0 0.09 3.2 24.2 00:01 WSW 12 49.9 60.3 02:55 35.6 23:57 15.0 0.0 0.00 3.3 33.6 14:55 NW 13 37.8 49.6 14:33 25.5 07:50 27.2 0.0 0.00 1.2 18.3 14:04 W 14 44.6 54.3 14:05 37.4 05:12 20.4 0.0 0.00 4.3 27.3 13:23 W 15 37.6 44.2 13:40 30.6 08:13 27.4 0.0 0.00 2.9 27.3 15:20 NW 16 39.6 50.7 17:28 29.5 02:19 25.4 0.0 0.00 2.1 22.8 23:36 WSW 17 54.9 67.8 16:14 43.7 07:55 10.4 0.3 0.00 4.4 27.3 17:20 WSW 18 55.8 66.6 14:45 49.1 23:49 9.2 0.0 0.00 3.9 25.9 02:39 WSW 19 51.6 63.5 16:17 43.3 23:57 13.4 0.0 0.00 1.6 19.7 01:49 WSW 20 52.7 69.4 16:07 38.3 04:31 12.9 0.6 0.00 0.7 18.3 14:47 SSE 21 57.6 64.9 13:58 51.4 05:11 7.4 0.0 0.00 0.7 13.9 12:02 S 22 60.3 70.0 15:50 53.2 03:26 5.4 0.8 0.00 1.4 21.5 15:50 SW 23 62.8 70.7 14:28 57.6 02:27 3.4 1.1 0.00 1.9 21.5 12:06 WSW 24 63.0 72.7 13:07 44.4 23:57 3.7 1.8 0.21 4.9 38.0 11:23 WSW 25 32.9 44.4 00:00 27.5 23:58 32.1 0.0 0.00 6.6 39.4 08:50 WNW 26 35.7 48.2 13:50 21.7 05:28 29.2 0.0 0.00 2.1 25.9 15:14 SW 27 46.3 55.2 15:07 41.2 04:17 18.7 0.0 0.00 1.4 19.7 00:53 S 28 55.5 66.2 20:59 46.6 00:24 9.6 0.1 0.73 2.2 34.9 22:23 SSW ---------------------------------------------------------------------------------- 44.3 72.7 24 15.3 10 584.9 4.7 1.31 2.7 39.4 25 W Max >= 80.0: 0 Max <= 32.0: 2 Min <= 32.0: 14 Min <= 0.0: 0 Max Rain: 0.73 on day 28 Days of Rain: 6 (>= 0.01 in) 3 (>= 0.10 in) 0 (>= 1.00 in) Heat Base: 65.0 Cool Base: 65.0 Method: Integration