NOAA-Style Climate Reports
Select a Year or Month report
2024: Jan Feb Mar Apr May Jun Jul Aug Sep Oct Nov Dec
2023: Jan Feb Mar Apr May Jun Jul Aug Sep Oct Nov Dec
2022: Jan Feb Mar Apr May Jun Jul Aug Sep Oct Nov Dec
2021: Jan Feb Mar Apr May Jun Jul Aug Sep Oct Nov Dec
2020: Jan Feb Mar Apr May Jun Jul Aug Sep Oct Nov Dec
2019: Jan Feb Mar Apr May Jun Jul Aug Sep Oct Nov Dec
2018: Jan Feb Mar Apr May Jun Jul Aug Sep Oct Nov Dec
2017: Jan Feb Mar Apr May Jun Jul Aug Sep Oct Nov Dec
2016: Jan Feb Mar Apr May Jun Jul Aug Sep Oct Nov Dec
2015: Jan Feb Mar Apr May Jun Jul Aug Sep Oct Nov Dec
2014: Jan Feb Mar Apr May Jun Jul Aug Sep Oct Nov Dec
2013: Jan Feb Mar Apr May Jun Jul Aug Sep Oct Nov Dec
2024: Jan Feb Mar Apr May Jun Jul Aug Sep Oct Nov Dec
2023: Jan Feb Mar Apr May Jun Jul Aug Sep Oct Nov Dec
2022: Jan Feb Mar Apr May Jun Jul Aug Sep Oct Nov Dec
2021: Jan Feb Mar Apr May Jun Jul Aug Sep Oct Nov Dec
2020: Jan Feb Mar Apr May Jun Jul Aug Sep Oct Nov Dec
2019: Jan Feb Mar Apr May Jun Jul Aug Sep Oct Nov Dec
2018: Jan Feb Mar Apr May Jun Jul Aug Sep Oct Nov Dec
2017: Jan Feb Mar Apr May Jun Jul Aug Sep Oct Nov Dec
2016: Jan Feb Mar Apr May Jun Jul Aug Sep Oct Nov Dec
2015: Jan Feb Mar Apr May Jun Jul Aug Sep Oct Nov Dec
2014: Jan Feb Mar Apr May Jun Jul Aug Sep Oct Nov Dec
2013: Jan Feb Mar Apr May Jun Jul Aug Sep Oct Nov Dec
Report for 2016 December
Monthly Climatological Summary for Dec 2016 Name: GosportWX.com City: Gosport State: IN Elevation: 791 ft Lat: N 39° 17' 52" Lon: W 086° 41' 56" Temperature (°F), Rain (in), Wind Speed (mph) Heat Cool Avg Mean Deg Deg Wind Dom Day Temp High Time Low Time Days Days Rain Speed High Time Dir ---------------------------------------------------------------------------------- 1 38.1 40.8 12:30 36.3 21:28 26.9 0.0 0.00 4.1 24.2 03:40 W 2 38.1 41.9 14:25 34.7 06:13 26.9 0.0 0.00 1.9 13.9 15:20 W 3 37.5 42.1 14:00 32.2 23:12 27.5 0.0 0.00 0.5 10.7 13:08 WNW 4 37.8 42.8 12:56 32.7 00:00 27.2 0.0 0.33 1.4 21.5 22:39 W 5 36.9 43.9 14:10 32.7 20:18 28.1 0.0 0.02 1.0 15.2 00:01 W 6 37.9 43.5 13:44 32.5 23:54 27.3 0.0 0.26 2.0 22.8 15:14 WNW 7 31.6 37.2 13:18 25.9 05:52 33.4 0.0 0.00 2.1 16.6 23:21 W 8 23.9 30.0 00:00 20.3 23:51 41.1 0.0 0.00 5.3 27.3 05:27 WNW 9 22.8 26.4 14:30 20.3 00:00 42.2 0.0 0.00 2.3 16.6 18:16 W 10 25.5 28.8 23:28 21.7 00:42 39.5 0.0 0.00 0.7 10.7 12:43 WSW 11 33.3 37.9 23:47 28.2 00:32 31.6 0.0 0.22 1.6 16.6 21:27 SSW 12 31.8 39.0 01:58 24.6 21:07 33.2 0.0 0.03 2.7 19.7 03:22 WNW 13 27.8 34.3 13:36 12.7 23:59 37.2 0.0 0.00 0.4 13.9 17:45 W 14 14.3 23.4 14:10 3.4 07:40 50.7 0.0 0.00 1.5 21.5 20:10 WNW 15 10.4 16.3 13:07 4.6 07:51 54.6 0.0 0.00 1.9 22.8 00:21 WNW 16 21.8 32.7 23:43 12.0 00:00 43.2 0.0 0.00 1.7 29.1 21:24 SSE 17 32.6 35.6 15:07 24.8 23:59 32.4 0.0 0.82 0.3 12.1 16:30 NNE 18 16.9 24.8 00:00 8.8 23:46 48.1 0.0 0.00 0.0 0.0 00:00 --- 19 10.3 21.9 16:10 0.9 07:51 54.7 0.0 0.00 0.0 0.0 00:00 --- 20 23.8 37.0 14:38 8.8 03:59 41.2 0.0 0.02 1.0 21.5 15:24 WSW 21 33.1 44.1 16:06 21.9 07:39 31.9 0.0 0.01 2.0 18.3 23:34 SW 22 35.6 45.1 14:39 27.5 23:15 29.4 0.0 0.00 1.9 18.3 00:00 W 23 34.4 41.7 23:57 27.3 00:05 30.6 0.0 0.26 0.5 12.1 17:12 S 24 41.9 45.9 14:19 35.4 23:55 23.1 0.0 0.02 1.1 18.3 03:43 W 25 41.4 53.1 23:59 33.1 00:51 23.6 0.0 0.02 0.5 18.3 23:40 ESE 26 59.1 65.8 10:55 45.0 23:59 6.0 0.1 0.38 4.5 30.4 08:28 WSW 27 35.5 45.0 00:00 30.6 08:12 29.5 0.0 0.00 4.2 30.4 02:06 WNW 28 37.8 51.3 14:17 22.8 06:52 27.2 0.0 0.00 1.7 21.5 20:32 SW 29 37.8 42.4 13:19 33.8 07:16 27.2 0.0 0.00 6.7 36.7 14:44 WNW 30 34.4 39.2 16:10 29.3 08:15 30.6 0.0 0.00 5.0 38.0 02:54 WNW 31 41.8 47.7 12:20 31.6 23:57 23.2 0.0 0.00 5.2 33.6 01:09 WSW ---------------------------------------------------------------------------------- 31.8 65.8 26 0.9 19 1029.3 0.1 2.39 2.1 38.0 30 W Max >= 80.0: 0 Max <= 32.0: 7 Min <= 32.0: 21 Min <= 0.0: 0 Max Rain: 0.82 on day 17 Days of Rain: 12 (>= 0.01 in) 6 (>= 0.10 in) 0 (>= 1.00 in) Heat Base: 65.0 Cool Base: 65.0 Method: Integration