NOAA-Style Climate Reports
Select a Year or Month report
2024: Jan Feb Mar Apr May Jun Jul Aug Sep Oct Nov Dec
2023: Jan Feb Mar Apr May Jun Jul Aug Sep Oct Nov Dec
2022: Jan Feb Mar Apr May Jun Jul Aug Sep Oct Nov Dec
2021: Jan Feb Mar Apr May Jun Jul Aug Sep Oct Nov Dec
2020: Jan Feb Mar Apr May Jun Jul Aug Sep Oct Nov Dec
2019: Jan Feb Mar Apr May Jun Jul Aug Sep Oct Nov Dec
2018: Jan Feb Mar Apr May Jun Jul Aug Sep Oct Nov Dec
2017: Jan Feb Mar Apr May Jun Jul Aug Sep Oct Nov Dec
2016: Jan Feb Mar Apr May Jun Jul Aug Sep Oct Nov Dec
2015: Jan Feb Mar Apr May Jun Jul Aug Sep Oct Nov Dec
2014: Jan Feb Mar Apr May Jun Jul Aug Sep Oct Nov Dec
2013: Jan Feb Mar Apr May Jun Jul Aug Sep Oct Nov Dec
2024: Jan Feb Mar Apr May Jun Jul Aug Sep Oct Nov Dec
2023: Jan Feb Mar Apr May Jun Jul Aug Sep Oct Nov Dec
2022: Jan Feb Mar Apr May Jun Jul Aug Sep Oct Nov Dec
2021: Jan Feb Mar Apr May Jun Jul Aug Sep Oct Nov Dec
2020: Jan Feb Mar Apr May Jun Jul Aug Sep Oct Nov Dec
2019: Jan Feb Mar Apr May Jun Jul Aug Sep Oct Nov Dec
2018: Jan Feb Mar Apr May Jun Jul Aug Sep Oct Nov Dec
2017: Jan Feb Mar Apr May Jun Jul Aug Sep Oct Nov Dec
2016: Jan Feb Mar Apr May Jun Jul Aug Sep Oct Nov Dec
2015: Jan Feb Mar Apr May Jun Jul Aug Sep Oct Nov Dec
2014: Jan Feb Mar Apr May Jun Jul Aug Sep Oct Nov Dec
2013: Jan Feb Mar Apr May Jun Jul Aug Sep Oct Nov Dec
Report for 2016 November
Monthly Climatological Summary for Nov 2016 Name: GosportWX.com City: Gosport State: IN Elevation: 791 ft Lat: N 39° 17' 52" Lon: W 086° 41' 56" Temperature (°F), Rain (in), Wind Speed (mph) Heat Cool Avg Mean Deg Deg Wind Dom Day Temp High Time Low Time Days Days Rain Speed High Time Dir ---------------------------------------------------------------------------------- 1 69.2 80.4 14:56 58.5 01:24 1.4 5.6 0.00 2.3 25.2 11:01 WSW 2 61.3 77.7 16:13 58.1 08:17 4.4 0.7 0.06 2.7 22.8 13:14 SW 3 63.4 70.0 16:15 53.1 23:39 2.2 0.6 0.01 1.8 20.9 16:45 W 4 52.2 62.4 14:46 43.3 23:58 12.8 0.0 0.00 1.3 16.6 10:32 NW 5 47.9 63.7 14:59 34.9 07:10 17.1 0.0 0.00 0.4 14.8 13:53 N 6 50.9 68.4 13:48 36.3 06:05 15.1 0.4 0.00 0.6 14.8 11:56 ESE 7 49.2 71.0 14:28 38.5 07:43 15.8 0.0 0.00 0.7 16.6 14:31 WSW 8 52.6 61.2 12:24 45.1 00:53 12.4 0.0 0.04 1.4 33.2 22:25 NW 9 48.1 58.1 14:08 40.3 23:54 16.9 0.0 0.01 1.4 31.4 13:46 NW 10 47.7 60.4 13:58 35.1 07:36 17.3 0.0 0.00 2.9 22.8 12:01 W 11 49.6 62.1 13:12 37.4 23:56 15.4 0.0 0.00 3.0 37.5 15:26 NW 12 38.9 52.3 14:10 28.9 07:07 26.1 0.0 0.00 0.9 22.8 10:21 NNW 13 39.5 59.9 14:13 25.2 07:47 25.5 0.0 0.00 1.1 12.3 10:51 WSW 14 44.0 60.4 14:37 27.9 07:55 21.0 0.0 0.00 1.9 19.1 13:40 SW 15 50.8 64.6 14:05 37.0 07:34 14.2 0.0 0.00 1.8 19.1 13:34 W 16 49.8 66.2 14:05 36.7 07:47 15.2 0.0 0.00 0.9 14.8 12:51 WSW 17 58.7 78.1 14:24 37.0 05:35 9.7 3.3 0.00 1.8 25.2 15:23 SSW 18 64.8 74.3 12:48 43.7 23:51 3.3 3.1 0.63 5.9 60.4 17:43 SW 19 37.5 43.7 00:00 31.1 23:58 27.5 0.0 0.00 6.0 33.6 06:51 WNW 20 30.5 39.0 14:09 25.2 07:50 34.5 0.0 0.00 2.0 15.2 14:17 WNW 21 31.2 43.9 15:47 22.3 07:00 33.8 0.0 0.00 0.4 12.1 11:42 NW 22 38.0 50.0 13:18 27.3 02:52 27.0 0.0 0.00 0.5 12.1 11:25 ESE 23 44.4 50.7 22:01 39.6 07:26 20.6 0.0 0.85 0.8 12.1 11:57 S 24 42.7 50.5 00:00 39.2 23:07 22.3 0.0 0.02 2.0 18.3 02:40 WNW 25 39.4 41.4 13:57 37.8 07:09 25.6 0.0 0.00 1.5 13.9 17:38 WNW 26 41.3 48.6 13:59 34.5 20:33 23.7 0.0 0.00 1.5 13.9 13:13 W 27 41.3 50.9 13:58 32.4 07:57 23.7 0.0 0.00 1.4 19.7 14:04 S 28 49.5 54.0 19:40 45.3 00:00 15.5 0.0 1.05 2.4 31.8 19:11 S 29 55.5 62.6 14:55 49.1 05:26 9.5 0.0 0.00 2.5 21.5 15:48 SSW 30 46.8 57.7 00:01 38.8 22:56 18.2 0.0 0.00 2.8 22.8 17:56 WNW ---------------------------------------------------------------------------------- 47.9 80.4 1 22.3 21 527.7 13.7 2.67 1.9 60.4 18 W Max >= 80.0: 1 Max <= 32.0: 0 Min <= 32.0: 7 Min <= 0.0: 0 Max Rain: 1.05 on day 28 Days of Rain: 8 (>= 0.01 in) 3 (>= 0.10 in) 1 (>= 1.00 in) Heat Base: 65.0 Cool Base: 65.0 Method: Integration