NOAA-Style Climate Reports
Select a Year or Month report
2024: Jan Feb Mar Apr May Jun Jul Aug Sep Oct Nov Dec
2023: Jan Feb Mar Apr May Jun Jul Aug Sep Oct Nov Dec
2022: Jan Feb Mar Apr May Jun Jul Aug Sep Oct Nov Dec
2021: Jan Feb Mar Apr May Jun Jul Aug Sep Oct Nov Dec
2020: Jan Feb Mar Apr May Jun Jul Aug Sep Oct Nov Dec
2019: Jan Feb Mar Apr May Jun Jul Aug Sep Oct Nov Dec
2018: Jan Feb Mar Apr May Jun Jul Aug Sep Oct Nov Dec
2017: Jan Feb Mar Apr May Jun Jul Aug Sep Oct Nov Dec
2016: Jan Feb Mar Apr May Jun Jul Aug Sep Oct Nov Dec
2015: Jan Feb Mar Apr May Jun Jul Aug Sep Oct Nov Dec
2014: Jan Feb Mar Apr May Jun Jul Aug Sep Oct Nov Dec
2013: Jan Feb Mar Apr May Jun Jul Aug Sep Oct Nov Dec
2024: Jan Feb Mar Apr May Jun Jul Aug Sep Oct Nov Dec
2023: Jan Feb Mar Apr May Jun Jul Aug Sep Oct Nov Dec
2022: Jan Feb Mar Apr May Jun Jul Aug Sep Oct Nov Dec
2021: Jan Feb Mar Apr May Jun Jul Aug Sep Oct Nov Dec
2020: Jan Feb Mar Apr May Jun Jul Aug Sep Oct Nov Dec
2019: Jan Feb Mar Apr May Jun Jul Aug Sep Oct Nov Dec
2018: Jan Feb Mar Apr May Jun Jul Aug Sep Oct Nov Dec
2017: Jan Feb Mar Apr May Jun Jul Aug Sep Oct Nov Dec
2016: Jan Feb Mar Apr May Jun Jul Aug Sep Oct Nov Dec
2015: Jan Feb Mar Apr May Jun Jul Aug Sep Oct Nov Dec
2014: Jan Feb Mar Apr May Jun Jul Aug Sep Oct Nov Dec
2013: Jan Feb Mar Apr May Jun Jul Aug Sep Oct Nov Dec
Report for 2016 February
Monthly Climatological Summary for Feb 2016 Name: GosportWX.com City: Gosport State: IN Elevation: 791 ft Lat: N 39° 17' 52" Lon: W 086° 41' 56" Temperature (°F), Rain (in), Wind Speed (mph) Heat Cool Avg Mean Deg Deg Wind Dom Day Temp High Time Low Time Days Days Rain Speed High Time Dir ---------------------------------------------------------------------------------- 1 41.5 51.1 16:07 33.8 23:55 23.5 0.0 0.00 1.2 10.7 00:26 N 2 47.2 62.4 19:11 30.6 04:05 17.8 0.0 0.24 4.5 33.6 20:05 SE 3 44.4 62.2 00:49 31.8 22:36 20.6 0.0 0.00 11.7 39.4 12:57 W 4 30.0 34.5 14:02 27.1 09:59 35.0 0.0 0.00 7.4 29.1 01:45 WNW 5 30.1 41.4 15:54 21.1 04:21 37.1 0.9 0.00 1.3 6.3 19:21 W 6 33.0 48.9 16:09 18.3 07:50 32.0 0.0 0.00 2.3 16.6 14:56 WSW 7 44.8 55.2 14:35 34.7 07:48 20.2 0.0 0.00 7.5 38.0 13:45 WSW 8 30.6 40.6 00:00 20.7 23:52 34.4 0.0 0.02 7.3 31.8 14:13 WNW 9 19.5 22.5 13:51 15.6 22:16 45.5 0.0 0.00 9.6 27.3 14:01 WNW 10 15.3 19.0 15:50 9.9 08:28 49.7 0.0 0.00 8.8 29.1 09:43 WNW 11 18.7 28.0 13:54 8.6 07:22 46.3 0.0 0.00 1.2 10.7 13:43 NNW 12 22.8 27.3 12:19 17.4 03:49 42.2 0.0 0.00 6.8 31.8 18:11 WNW 13 15.4 23.2 14:30 7.7 07:57 49.6 0.0 0.00 3.4 18.3 00:13 NNW 14 18.1 20.8 12:30 15.4 00:00 46.9 0.0 0.00 2.3 21.5 11:25 E 15 28.6 37.2 15:25 20.3 00:00 36.4 0.0 0.13 0.8 12.1 11:40 WSW 16 33.0 43.7 13:38 25.2 03:30 32.0 0.0 0.01 0.7 12.1 16:21 NNW 17 34.5 42.4 14:05 29.1 23:10 30.5 0.0 0.00 2.9 15.2 14:48 WNW 18 37.6 49.6 16:18 25.2 07:27 27.4 0.0 0.00 4.3 38.0 23:48 SE 19 47.4 61.2 17:37 39.4 03:41 17.6 0.0 0.00 12.4 53.2 15:13 WSW 20 58.6 73.6 15:33 47.3 06:28 7.8 1.5 0.00 5.4 25.9 12:02 WSW 21 50.6 60.8 14:01 37.8 23:59 14.4 0.0 0.59 3.1 22.8 15:51 N 22 39.9 52.0 14:38 28.9 07:07 25.1 0.0 0.00 1.9 19.7 12:17 N 23 41.9 55.2 14:14 30.0 07:16 23.1 0.0 0.06 3.8 27.3 19:15 N 24 35.1 38.1 00:00 32.9 19:55 29.9 0.0 1.81 7.9 29.1 21:57 NNW 25 33.8 37.9 15:15 32.2 02:41 31.2 0.0 0.01 9.1 34.9 15:40 WNW 26 34.8 42.6 13:46 28.8 07:51 30.2 0.0 0.00 5.7 25.9 15:56 WNW 27 41.2 55.8 15:49 25.9 04:10 23.8 0.0 0.00 5.5 22.8 14:55 SW 28 56.6 68.0 14:19 47.8 05:46 8.7 0.3 0.14 13.6 46.4 15:07 WSW 29 45.3 55.9 15:59 37.6 07:23 19.7 0.0 0.00 7.3 28.5 00:11 W ---------------------------------------------------------------------------------- 35.5 73.6 20 7.7 13 858.6 2.7 3.01 5.5 53.2 19 W Max >= 80.0: 0 Max <= 32.0: 6 Min <= 32.0: 20 Min <= 0.0: 0 Max Rain: 1.81 on day 24 Days of Rain: 9 (>= 0.01 in) 5 (>= 0.10 in) 1 (>= 1.00 in) Heat Base: 65.0 Cool Base: 65.0 Method: Integration