NOAA-Style Climate Reports
Select a Year or Month report
2024: Jan Feb Mar Apr May Jun Jul Aug Sep Oct Nov Dec
2023: Jan Feb Mar Apr May Jun Jul Aug Sep Oct Nov Dec
2022: Jan Feb Mar Apr May Jun Jul Aug Sep Oct Nov Dec
2021: Jan Feb Mar Apr May Jun Jul Aug Sep Oct Nov Dec
2020: Jan Feb Mar Apr May Jun Jul Aug Sep Oct Nov Dec
2019: Jan Feb Mar Apr May Jun Jul Aug Sep Oct Nov Dec
2018: Jan Feb Mar Apr May Jun Jul Aug Sep Oct Nov Dec
2017: Jan Feb Mar Apr May Jun Jul Aug Sep Oct Nov Dec
2016: Jan Feb Mar Apr May Jun Jul Aug Sep Oct Nov Dec
2015: Jan Feb Mar Apr May Jun Jul Aug Sep Oct Nov Dec
2014: Jan Feb Mar Apr May Jun Jul Aug Sep Oct Nov Dec
2013: Jan Feb Mar Apr May Jun Jul Aug Sep Oct Nov Dec
2024: Jan Feb Mar Apr May Jun Jul Aug Sep Oct Nov Dec
2023: Jan Feb Mar Apr May Jun Jul Aug Sep Oct Nov Dec
2022: Jan Feb Mar Apr May Jun Jul Aug Sep Oct Nov Dec
2021: Jan Feb Mar Apr May Jun Jul Aug Sep Oct Nov Dec
2020: Jan Feb Mar Apr May Jun Jul Aug Sep Oct Nov Dec
2019: Jan Feb Mar Apr May Jun Jul Aug Sep Oct Nov Dec
2018: Jan Feb Mar Apr May Jun Jul Aug Sep Oct Nov Dec
2017: Jan Feb Mar Apr May Jun Jul Aug Sep Oct Nov Dec
2016: Jan Feb Mar Apr May Jun Jul Aug Sep Oct Nov Dec
2015: Jan Feb Mar Apr May Jun Jul Aug Sep Oct Nov Dec
2014: Jan Feb Mar Apr May Jun Jul Aug Sep Oct Nov Dec
2013: Jan Feb Mar Apr May Jun Jul Aug Sep Oct Nov Dec
Report for 2015 November
Monthly Climatological Summary for Nov 2015 Name: GosportWX.com City: Gosport State: IN Elevation: 791 ft Lat: N 39° 17' 52" Lon: W 086° 41' 56" Temperature (°F), Rain (in), Wind Speed (mph) Heat Cool Avg Mean Deg Deg Wind Dom Day Temp High Time Low Time Days Days Rain Speed High Time Dir ---------------------------------------------------------------------------------- 1 57.0 68.0 15:17 46.8 23:58 8.7 0.3 0.00 2.0 13.4 09:33 W 2 54.6 74.1 13:12 39.9 08:02 12.2 1.8 0.00 0.5 13.4 11:58 E 3 56.4 74.8 16:30 40.1 07:31 10.7 2.1 0.00 0.4 11.2 13:31 ENE 4 60.9 76.5 15:49 47.1 06:17 7.0 2.9 0.00 0.7 13.4 11:44 W 5 67.0 75.7 13:44 58.8 00:00 1.0 2.9 0.12 1.5 26.8 13:12 SSW 6 57.9 65.8 00:39 48.7 23:53 7.1 0.0 0.66 5.8 30.2 08:19 W 7 47.4 59.0 13:30 39.9 07:31 17.6 0.0 0.00 2.0 22.9 13:58 NW 8 63.4 57.4 15:22 30.4 06:25 6.2 4.7 0.00 0.0 14.7 15:05 WSW 9 43.1 59.7 13:38 29.7 07:32 21.9 0.0 0.11 0.7 15.1 16:41 N 10 46.0 57.4 15:10 36.0 23:57 19.0 0.0 0.00 1.4 13.4 14:09 W 11 49.5 67.6 14:16 31.8 04:35 15.7 0.2 0.12 3.2 26.8 12:44 SE 12 52.7 62.8 02:55 47.3 23:43 12.3 0.0 0.00 14.2 44.0 01:50 W 13 45.1 52.3 13:31 38.3 07:47 19.9 0.0 0.00 10.6 39.9 13:31 WNW 14 44.4 59.2 16:03 28.6 05:40 20.6 0.0 0.00 1.9 18.3 12:44 SSW 15 52.9 65.7 15:12 40.5 23:56 12.1 0.0 0.00 3.1 18.3 10:55 WSW 16 46.3 54.1 10:54 38.5 03:27 18.7 0.0 0.23 1.1 10.7 09:45 SE 17 54.1 61.3 23:39 47.1 00:17 10.9 0.0 1.26 3.3 32.7 15:25 ESE 18 61.3 65.1 14:02 54.5 23:58 3.7 0.0 0.61 8.2 32.7 04:01 S 19 48.7 54.5 00:00 38.7 23:55 16.3 0.0 0.00 9.2 36.5 17:49 W 20 41.9 52.0 14:01 29.1 07:08 23.1 0.0 0.00 1.4 10.7 10:40 W 21 36.9 43.9 00:00 28.2 23:59 28.1 0.0 0.15 4.9 44.0 17:38 WNW 22 26.6 34.5 16:18 18.5 08:13 38.4 0.0 0.04 3.0 19.7 00:06 WNW 23 36.3 47.3 15:22 27.7 00:24 28.7 0.0 0.18 4.3 18.3 10:45 SW 24 42.1 56.7 14:01 28.2 07:28 22.9 0.0 0.01 0.9 10.7 13:21 SE 25 48.9 59.5 13:14 36.3 06:51 16.0 0.0 0.00 3.1 25.9 14:57 S 26 58.9 64.0 15:59 54.5 02:08 6.0 0.0 0.00 4.7 30.4 13:03 SSW 27 58.3 63.5 03:17 46.9 23:51 6.7 0.0 1.50 4.8 29.1 04:34 SW 28 42.1 46.9 00:00 39.4 18:21 22.9 0.0 0.50 2.3 13.9 06:12 N 29 40.3 43.7 13:20 38.3 08:10 24.7 0.0 0.05 2.1 21.5 11:50 N 30 43.5 50.0 13:31 37.2 07:11 21.5 0.0 0.00 1.2 10.7 09:16 NE ---------------------------------------------------------------------------------- 49.5 76.5 4 18.5 22 480.6 14.9 5.54 3.5 44.0 12 WSW Max >= 80.0: 0 Max <= 32.0: 0 Min <= 32.0: 9 Min <= 0.0: 0 Max Rain: 1.50 on day 27 Days of Rain: 14 (>= 0.01 in) 11 (>= 0.10 in) 2 (>= 1.00 in) Heat Base: 65.0 Cool Base: 65.0 Method: Integration