NOAA-Style Climate Reports
Select a Year or Month report
2024: Jan Feb Mar Apr May Jun Jul Aug Sep Oct Nov Dec
2023: Jan Feb Mar Apr May Jun Jul Aug Sep Oct Nov Dec
2022: Jan Feb Mar Apr May Jun Jul Aug Sep Oct Nov Dec
2021: Jan Feb Mar Apr May Jun Jul Aug Sep Oct Nov Dec
2020: Jan Feb Mar Apr May Jun Jul Aug Sep Oct Nov Dec
2019: Jan Feb Mar Apr May Jun Jul Aug Sep Oct Nov Dec
2018: Jan Feb Mar Apr May Jun Jul Aug Sep Oct Nov Dec
2017: Jan Feb Mar Apr May Jun Jul Aug Sep Oct Nov Dec
2016: Jan Feb Mar Apr May Jun Jul Aug Sep Oct Nov Dec
2015: Jan Feb Mar Apr May Jun Jul Aug Sep Oct Nov Dec
2014: Jan Feb Mar Apr May Jun Jul Aug Sep Oct Nov Dec
2013: Jan Feb Mar Apr May Jun Jul Aug Sep Oct Nov Dec
2024: Jan Feb Mar Apr May Jun Jul Aug Sep Oct Nov Dec
2023: Jan Feb Mar Apr May Jun Jul Aug Sep Oct Nov Dec
2022: Jan Feb Mar Apr May Jun Jul Aug Sep Oct Nov Dec
2021: Jan Feb Mar Apr May Jun Jul Aug Sep Oct Nov Dec
2020: Jan Feb Mar Apr May Jun Jul Aug Sep Oct Nov Dec
2019: Jan Feb Mar Apr May Jun Jul Aug Sep Oct Nov Dec
2018: Jan Feb Mar Apr May Jun Jul Aug Sep Oct Nov Dec
2017: Jan Feb Mar Apr May Jun Jul Aug Sep Oct Nov Dec
2016: Jan Feb Mar Apr May Jun Jul Aug Sep Oct Nov Dec
2015: Jan Feb Mar Apr May Jun Jul Aug Sep Oct Nov Dec
2014: Jan Feb Mar Apr May Jun Jul Aug Sep Oct Nov Dec
2013: Jan Feb Mar Apr May Jun Jul Aug Sep Oct Nov Dec
Report for 2015 September
Monthly Climatological Summary for Sep 2015 Name: GosportWX.com City: Gosport State: IN Elevation: 791 ft Lat: N 39° 17' 52" Lon: W 086° 41' 56" Temperature (°F), Rain (in), Wind Speed (mph) Heat Cool Avg Mean Deg Deg Wind Dom Day Temp High Time Low Time Days Days Rain Speed High Time Dir ---------------------------------------------------------------------------------- 1 73.7 84.4 16:55 65.5 06:55 0.0 8.7 0.00 1.0 13.4 11:06 WNW 2 75.2 88.7 14:17 64.2 06:39 0.0 10.2 0.00 1.1 11.2 13:46 WSW 3 75.8 90.5 14:52 64.4 07:13 0.0 10.8 0.00 1.1 11.2 13:49 WSW 4 77.6 91.8 14:43 66.7 06:07 0.0 12.6 0.00 1.0 13.4 21:03 WSW 5 75.5 90.3 15:25 64.2 07:07 0.0 10.5 0.00 0.8 15.1 15:36 NW 6 75.3 92.8 14:43 62.8 07:20 0.3 10.6 0.00 0.5 9.5 13:19 SW 7 76.8 91.2 14:57 66.4 07:57 0.0 11.8 0.00 1.0 11.2 13:52 SSW 8 77.4 89.8 14:56 68.2 23:57 0.0 12.4 0.00 2.2 19.0 12:12 SW 9 69.2 72.3 16:07 63.5 23:36 0.0 4.2 0.48 0.1 11.2 18:42 N 10 68.9 83.1 15:00 59.2 07:24 1.5 5.5 0.00 1.1 15.1 10:11 NW 11 60.8 64.8 13:44 57.2 07:00 4.2 0.0 0.64 0.3 11.2 18:15 NNW 12 56.3 66.2 14:15 49.5 07:05 8.7 0.0 0.00 1.8 20.7 12:31 W 13 56.3 69.6 15:56 46.0 07:05 9.2 0.5 0.00 1.3 15.1 14:55 W 14 61.3 76.3 14:56 48.2 05:51 6.4 2.7 0.00 1.7 17.3 15:36 SSW 15 64.0 80.6 14:21 48.2 07:45 5.4 4.4 0.00 0.9 17.3 14:59 S 16 66.0 82.6 14:14 50.7 07:34 4.2 5.2 0.00 1.1 15.1 15:02 SW 17 67.9 84.0 14:40 52.3 08:07 3.5 6.3 0.00 1.3 15.1 13:56 SSW 18 72.9 85.5 17:23 65.1 02:32 0.0 7.9 0.21 1.3 19.0 09:44 SW 19 68.1 74.5 05:42 55.9 23:59 0.9 4.0 0.57 2.8 20.7 17:38 W 20 59.7 73.0 16:11 49.5 06:58 7.1 1.8 0.00 1.4 19.0 09:44 N 21 59.8 77.4 14:48 47.5 07:54 7.8 2.7 0.00 0.7 15.1 14:49 N 22 62.0 81.7 14:53 47.8 07:33 6.9 3.9 0.00 0.6 15.1 13:51 NNE 23 64.5 82.4 14:50 50.7 07:26 5.4 4.9 0.00 0.9 15.1 12:09 N 24 65.2 82.8 14:48 51.6 07:43 4.6 4.8 0.00 1.0 20.7 14:15 N 25 66.7 84.2 14:54 53.4 07:47 3.5 5.2 0.00 1.3 22.9 14:46 N 26 65.7 74.1 15:40 57.2 04:06 2.1 2.8 0.00 1.5 19.0 10:50 N 27 68.2 77.4 17:02 59.7 07:31 1.0 4.1 0.12 0.6 17.3 10:47 NNW 28 69.7 82.9 16:18 59.5 07:44 1.0 5.7 0.00 0.4 9.5 14:29 WSW 29 68.2 69.4 00:22 63.1 23:58 0.0 3.2 0.48 0.6 22.9 23:15 N 30 62.3 70.5 14:19 56.1 08:28 3.6 0.9 0.00 3.4 22.9 10:09 N ---------------------------------------------------------------------------------- 67.7 92.8 6 46.0 13 87.3 168.3 2.50 1.2 22.9 25 WNW Max >= 80.0: 18 Max <= 32.0: 0 Min <= 32.0: 0 Min <= 0.0: 0 Max Rain: 0.64 on day 11 Days of Rain: 6 (>= 0.01 in) 6 (>= 0.10 in) 0 (>= 1.00 in) Heat Base: 65.0 Cool Base: 65.0 Method: Integration