NOAA-Style Climate Reports
Select a Year or Month report
2024: Jan Feb Mar Apr May Jun Jul Aug Sep Oct Nov Dec
2023: Jan Feb Mar Apr May Jun Jul Aug Sep Oct Nov Dec
2022: Jan Feb Mar Apr May Jun Jul Aug Sep Oct Nov Dec
2021: Jan Feb Mar Apr May Jun Jul Aug Sep Oct Nov Dec
2020: Jan Feb Mar Apr May Jun Jul Aug Sep Oct Nov Dec
2019: Jan Feb Mar Apr May Jun Jul Aug Sep Oct Nov Dec
2018: Jan Feb Mar Apr May Jun Jul Aug Sep Oct Nov Dec
2017: Jan Feb Mar Apr May Jun Jul Aug Sep Oct Nov Dec
2016: Jan Feb Mar Apr May Jun Jul Aug Sep Oct Nov Dec
2015: Jan Feb Mar Apr May Jun Jul Aug Sep Oct Nov Dec
2014: Jan Feb Mar Apr May Jun Jul Aug Sep Oct Nov Dec
2013: Jan Feb Mar Apr May Jun Jul Aug Sep Oct Nov Dec
2024: Jan Feb Mar Apr May Jun Jul Aug Sep Oct Nov Dec
2023: Jan Feb Mar Apr May Jun Jul Aug Sep Oct Nov Dec
2022: Jan Feb Mar Apr May Jun Jul Aug Sep Oct Nov Dec
2021: Jan Feb Mar Apr May Jun Jul Aug Sep Oct Nov Dec
2020: Jan Feb Mar Apr May Jun Jul Aug Sep Oct Nov Dec
2019: Jan Feb Mar Apr May Jun Jul Aug Sep Oct Nov Dec
2018: Jan Feb Mar Apr May Jun Jul Aug Sep Oct Nov Dec
2017: Jan Feb Mar Apr May Jun Jul Aug Sep Oct Nov Dec
2016: Jan Feb Mar Apr May Jun Jul Aug Sep Oct Nov Dec
2015: Jan Feb Mar Apr May Jun Jul Aug Sep Oct Nov Dec
2014: Jan Feb Mar Apr May Jun Jul Aug Sep Oct Nov Dec
2013: Jan Feb Mar Apr May Jun Jul Aug Sep Oct Nov Dec
Report for 2015 June
Monthly Climatological Summary for Jun 2015 Name: GosportWX.com City: Gosport State: IN Elevation: 791 ft Lat: N 39° 17' 52" Lon: W 086° 41' 56" Temperature (°F), Rain (in), Wind Speed (mph) Heat Cool Avg Mean Deg Deg Wind Dom Day Temp High Time Low Time Days Days Rain Speed High Time Dir ---------------------------------------------------------------------------------- 1 54.4 59.0 17:44 50.0 07:36 10.6 0.0 0.00 1.6 13.3 11:29 N 2 59.3 72.5 14:25 51.1 07:03 7.0 1.3 0.00 1.6 13.3 12:52 N 3 56.1 66.9 15:36 45.7 06:09 9.1 0.1 0.00 0.5 9.4 14:46 N 4 64.2 80.2 16:24 48.4 06:17 5.6 4.8 0.00 0.6 7.8 11:23 W 5 71.6 86.2 15:53 58.3 06:16 1.1 7.7 0.00 0.8 12.1 20:40 WNW 6 66.8 80.4 16:44 55.6 06:38 2.4 4.2 0.00 1.1 12.1 11:16 N 7 74.4 89.9 16:26 59.0 02:38 1.4 10.9 0.00 2.2 16.1 10:42 SW 8 70.5 79.5 00:39 65.7 06:09 0.0 5.5 1.10 4.7 31.0 01:09 WSW 9 71.8 84.5 17:02 60.3 06:15 0.4 7.3 0.00 1.3 15.1 13:56 W 10 76.1 89.1 17:07 64.5 04:58 0.0 11.2 0.00 2.6 19.0 11:48 WSW 11 77.8 91.0 15:25 68.2 06:20 0.0 12.8 0.00 1.4 15.1 23:53 SW 12 78.2 90.1 16:43 72.3 22:57 0.0 13.2 0.13 3.8 28.5 17:01 WSW 13 78.3 87.3 15:53 71.1 03:42 0.0 13.3 0.03 3.4 19.0 15:24 SW 14 76.7 86.2 14:43 70.2 23:49 0.0 11.7 0.24 3.2 20.7 12:37 WSW 15 77.4 86.5 14:37 69.6 06:21 0.0 12.4 0.00 3.9 24.6 15:24 WSW 16 74.5 84.0 16:11 70.3 03:42 0.0 9.5 0.32 1.4 11.2 06:13 W 17 73.3 78.4 13:32 70.5 07:16 0.0 8.3 0.24 2.3 15.1 17:12 WSW 18 74.3 83.5 12:11 68.4 23:24 0.0 9.3 0.37 1.8 13.4 16:34 WSW 19 69.9 77.7 16:20 67.1 06:48 0.0 4.9 2.33 0.6 15.1 17:30 NNW 20 73.2 82.6 13:48 68.4 02:50 0.0 8.2 0.03 2.4 19.0 12:30 W 21 71.4 81.1 14:06 64.2 05:43 0.0 6.4 0.40 1.8 30.2 02:20 W 22 76.5 85.3 15:00 68.4 01:41 0.0 11.5 0.00 3.1 15.1 11:14 WSW 23 78.7 86.9 15:41 65.5 23:50 0.0 13.7 0.00 4.3 20.7 02:55 W 24 70.3 82.0 13:05 59.9 04:38 1.0 6.4 0.00 0.4 9.5 11:01 WNW 25 71.4 80.6 14:58 64.9 02:34 0.0 6.4 0.53 0.9 17.3 07:34 W 26 70.1 73.0 11:56 65.5 06:34 0.0 5.1 1.79 1.0 24.6 01:31 W 27 66.6 75.9 14:45 59.4 23:57 1.3 2.9 0.14 2.8 26.8 16:46 NW 28 65.3 79.1 13:18 54.5 06:55 3.2 3.5 0.21 1.7 26.8 12:44 W 29 66.9 74.7 17:15 61.4 05:23 1.1 3.0 1.03 2.2 13.4 12:51 W 30 69.0 80.9 16:14 63.0 02:32 0.7 4.7 0.04 3.1 43.6 19:12 W ---------------------------------------------------------------------------------- 70.8 91.0 11 45.7 3 44.9 220.2 8.93 2.0 43.6 30 W Max >= 80.0: 20 Max <= 32.0: 0 Min <= 32.0: 0 Min <= 0.0: 0 Max Rain: 2.33 on day 19 Days of Rain: 16 (>= 0.01 in) 13 (>= 0.10 in) 4 (>= 1.00 in) Heat Base: 65.0 Cool Base: 65.0 Method: Integration