NOAA-Style Climate Reports
Select a Year or Month report
2024: Jan Feb Mar Apr May Jun Jul Aug Sep Oct Nov Dec
2023: Jan Feb Mar Apr May Jun Jul Aug Sep Oct Nov Dec
2022: Jan Feb Mar Apr May Jun Jul Aug Sep Oct Nov Dec
2021: Jan Feb Mar Apr May Jun Jul Aug Sep Oct Nov Dec
2020: Jan Feb Mar Apr May Jun Jul Aug Sep Oct Nov Dec
2019: Jan Feb Mar Apr May Jun Jul Aug Sep Oct Nov Dec
2018: Jan Feb Mar Apr May Jun Jul Aug Sep Oct Nov Dec
2017: Jan Feb Mar Apr May Jun Jul Aug Sep Oct Nov Dec
2016: Jan Feb Mar Apr May Jun Jul Aug Sep Oct Nov Dec
2015: Jan Feb Mar Apr May Jun Jul Aug Sep Oct Nov Dec
2014: Jan Feb Mar Apr May Jun Jul Aug Sep Oct Nov Dec
2013: Jan Feb Mar Apr May Jun Jul Aug Sep Oct Nov Dec
2024: Jan Feb Mar Apr May Jun Jul Aug Sep Oct Nov Dec
2023: Jan Feb Mar Apr May Jun Jul Aug Sep Oct Nov Dec
2022: Jan Feb Mar Apr May Jun Jul Aug Sep Oct Nov Dec
2021: Jan Feb Mar Apr May Jun Jul Aug Sep Oct Nov Dec
2020: Jan Feb Mar Apr May Jun Jul Aug Sep Oct Nov Dec
2019: Jan Feb Mar Apr May Jun Jul Aug Sep Oct Nov Dec
2018: Jan Feb Mar Apr May Jun Jul Aug Sep Oct Nov Dec
2017: Jan Feb Mar Apr May Jun Jul Aug Sep Oct Nov Dec
2016: Jan Feb Mar Apr May Jun Jul Aug Sep Oct Nov Dec
2015: Jan Feb Mar Apr May Jun Jul Aug Sep Oct Nov Dec
2014: Jan Feb Mar Apr May Jun Jul Aug Sep Oct Nov Dec
2013: Jan Feb Mar Apr May Jun Jul Aug Sep Oct Nov Dec
Report for 2015 March
Monthly Climatological Summary for Mar 2015 Name: GosportWX.com City: Gosport State: IN Elevation: 791 ft Lat: N 39° 17' 52" Lon: W 086° 41' 56" Temperature (°F), Rain (in), Wind Speed (mph) Heat Cool Avg Mean Deg Deg Wind Dom Day Temp High Time Low Time Days Days Rain Speed High Time Dir ---------------------------------------------------------------------------------- 1 29.2 37.4 13:59 23.7 00:00 35.8 0.0 0.00 0.3 7.0 11:53 WNW 2 26.7 36.9 15:25 16.7 08:01 38.3 0.0 0.00 2.5 19.9 14:23 NNE 3 34.8 41.2 17:24 23.9 00:00 41.6 0.0 0.00 5.0 25.2 12:54 SW 4 29.1 37.0 00:00 18.9 23:56 36.0 0.0 0.04 0.3 12.8 09:55 NNW 5 18.6 27.9 14:29 6.4 23:53 46.4 0.0 0.00 1.3 19.9 16:20 N 6 17.0 32.5 15:58 -0.9 06:46 48.0 0.0 0.00 4.6 25.2 15:00 SSW 7 34.3 46.0 14:09 23.4 02:59 30.7 0.0 0.00 7.2 29.4 13:45 SW 8 37.9 53.2 12:58 23.7 08:07 26.0 0.0 0.00 1.8 15.3 00:13 ESE 9 40.9 51.4 16:00 29.8 08:07 35.5 0.0 0.00 2.4 17.0 00:53 SSW 10 41.7 47.1 16:53 36.9 05:59 23.3 0.0 0.61 1.0 11.2 18:37 NE 11 47.7 63.1 17:15 37.2 07:38 17.3 0.0 0.01 1.6 19.9 20:54 NW 12 47.0 63.3 17:04 32.4 07:53 18.0 0.0 0.00 3.7 21.1 17:22 ENE 13 48.8 55.9 14:49 42.3 07:46 16.2 0.0 1.12 1.3 15.3 14:31 ENE 14 54.2 64.2 15:40 48.0 23:57 10.8 0.0 0.52 2.3 24.0 14:21 NNW 15 51.1 67.8 16:05 33.1 07:50 14.0 0.1 0.00 2.7 17.0 14:54 SW 16 61.4 75.9 16:13 48.2 07:48 6.1 2.5 0.00 7.4 32.3 22:49 SW 17 48.6 62.6 00:00 31.5 23:59 16.4 0.0 0.00 6.3 25.2 19:04 N 18 38.0 53.1 15:50 23.0 07:23 27.0 0.0 0.00 3.2 21.8 11:58 ENE 19 45.8 54.9 13:47 40.5 07:18 19.2 0.0 0.00 3.2 16.1 09:26 ENE 20 45.2 52.9 15:43 40.1 06:31 19.8 0.0 0.00 1.1 9.1 16:51 W 21 49.7 67.1 16:45 33.4 04:50 15.5 0.2 0.00 4.0 18.1 16:38 W 22 45.5 56.7 15:37 35.1 06:49 19.5 0.0 0.00 5.5 20.5 12:39 ENE 23 37.9 53.8 13:39 29.7 05:57 27.1 0.0 0.03 4.9 19.8 17:10 ENE 24 36.4 43.0 14:44 29.1 06:18 28.6 0.0 0.07 4.1 16.9 01:33 ENE 25 49.5 58.8 16:50 41.9 00:00 15.5 0.0 0.73 2.3 19.8 09:42 N 26 41.5 46.9 00:38 32.9 23:49 23.5 0.0 0.72 0.4 15.7 04:20 N 27 32.0 39.2 14:34 24.3 23:29 33.0 0.0 0.01 3.5 19.8 17:39 N 28 27.9 41.5 16:58 15.6 07:35 36.7 0.0 0.00 2.5 14.8 17:22 N 29 38.2 54.9 15:44 21.7 02:35 26.8 0.0 0.11 4.8 22.7 12:15 SSW 30 50.8 63.0 17:31 37.9 07:01 14.2 0.0 0.00 3.1 17.7 00:00 NNW 31 56.0 67.3 14:43 41.9 23:55 9.3 0.3 0.00 4.6 21.8 04:19 WNW ---------------------------------------------------------------------------------- 40.8 75.9 16 -0.9 6 776.1 3.1 3.97 3.1 32.3 16 NNW Max >= 80.0: 0 Max <= 32.0: 1 Min <= 32.0: 16 Min <= 0.0: 1 Max Rain: 1.12 on day 13 Days of Rain: 11 (>= 0.01 in) 6 (>= 0.10 in) 1 (>= 1.00 in) Heat Base: 65.0 Cool Base: 65.0 Method: Integration