NOAA-Style Climate Reports
Select a Year or Month report
2024: Jan Feb Mar Apr May Jun Jul Aug Sep Oct Nov Dec
2023: Jan Feb Mar Apr May Jun Jul Aug Sep Oct Nov Dec
2022: Jan Feb Mar Apr May Jun Jul Aug Sep Oct Nov Dec
2021: Jan Feb Mar Apr May Jun Jul Aug Sep Oct Nov Dec
2020: Jan Feb Mar Apr May Jun Jul Aug Sep Oct Nov Dec
2019: Jan Feb Mar Apr May Jun Jul Aug Sep Oct Nov Dec
2018: Jan Feb Mar Apr May Jun Jul Aug Sep Oct Nov Dec
2017: Jan Feb Mar Apr May Jun Jul Aug Sep Oct Nov Dec
2016: Jan Feb Mar Apr May Jun Jul Aug Sep Oct Nov Dec
2015: Jan Feb Mar Apr May Jun Jul Aug Sep Oct Nov Dec
2014: Jan Feb Mar Apr May Jun Jul Aug Sep Oct Nov Dec
2013: Jan Feb Mar Apr May Jun Jul Aug Sep Oct Nov Dec
2024: Jan Feb Mar Apr May Jun Jul Aug Sep Oct Nov Dec
2023: Jan Feb Mar Apr May Jun Jul Aug Sep Oct Nov Dec
2022: Jan Feb Mar Apr May Jun Jul Aug Sep Oct Nov Dec
2021: Jan Feb Mar Apr May Jun Jul Aug Sep Oct Nov Dec
2020: Jan Feb Mar Apr May Jun Jul Aug Sep Oct Nov Dec
2019: Jan Feb Mar Apr May Jun Jul Aug Sep Oct Nov Dec
2018: Jan Feb Mar Apr May Jun Jul Aug Sep Oct Nov Dec
2017: Jan Feb Mar Apr May Jun Jul Aug Sep Oct Nov Dec
2016: Jan Feb Mar Apr May Jun Jul Aug Sep Oct Nov Dec
2015: Jan Feb Mar Apr May Jun Jul Aug Sep Oct Nov Dec
2014: Jan Feb Mar Apr May Jun Jul Aug Sep Oct Nov Dec
2013: Jan Feb Mar Apr May Jun Jul Aug Sep Oct Nov Dec
Report for 2015 February
Monthly Climatological Summary for Feb 2015 Name: GosportWX.com City: Gosport State: IN Elevation: 791 ft Lat: N 39° 17' 52" Lon: W 086° 41' 56" Temperature (°F), Rain (in), Wind Speed (mph) Heat Cool Avg Mean Deg Deg Wind Dom Day Temp High Time Low Time Days Days Rain Speed High Time Dir ---------------------------------------------------------------------------------- 1 35.7 42.6 17:21 32.2 04:06 29.3 0.0 0.39 1.4 15.2 18:19 W 2 24.9 35.6 12:05 18.5 07:07 40.1 0.0 0.01 0.2 11.5 00:26 WNW 3 29.2 40.1 12:02 19.6 05:57 35.8 0.0 0.00 2.5 22.6 14:01 SSW 4 34.8 51.8 12:01 17.4 23:58 41.5 0.0 0.00 4.6 26.6 23:13 W 5 16.7 24.8 17:07 7.3 07:59 48.3 0.0 0.02 2.7 26.6 00:22 NNE 6 27.5 39.7 15:14 12.9 02:11 37.4 0.0 0.00 4.2 25.3 10:52 SSW 7 45.7 57.0 17:01 34.2 00:00 19.3 0.0 0.00 7.3 28.4 22:55 SSW 8 51.7 61.0 11:14 40.3 23:59 13.3 0.0 0.00 6.1 28.4 00:56 SW 9 30.9 40.3 00:00 27.1 19:23 34.1 0.0 0.00 6.8 26.0 06:58 NNE 10 29.2 39.4 15:33 20.3 07:18 35.8 0.0 0.00 3.5 21.2 04:04 NE 11 33.1 43.5 12:20 26.5 00:00 31.9 0.0 0.00 3.5 27.0 22:51 WSW 12 21.1 28.9 00:00 12.9 23:58 43.9 0.0 0.00 5.6 25.1 13:36 NW 13 20.5 34.0 15:03 6.6 06:58 44.5 0.0 0.00 3.6 19.9 16:40 SW 14 22.4 31.5 10:10 7.0 23:48 41.3 0.0 0.00 7.9 37.2 17:44 WNW 15 12.7 24.1 16:17 3.7 05:46 52.3 0.0 0.00 4.1 19.9 14:14 NE 16 12.8 18.0 14:24 0.9 23:59 52.2 0.0 0.00 4.6 22.3 14:06 NE 17 14.6 28.0 12:39 -3.1 04:59 50.4 0.0 0.05 3.9 26.9 15:44 SW 18 12.1 21.2 00:00 -0.8 23:41 52.9 0.0 0.00 5.2 28.1 14:40 WNW 19 0.8 9.5 15:57 -6.5 07:23 64.2 0.0 0.00 4.1 19.9 13:31 W 20 7.4 22.8 14:56 -12.1 06:08 57.6 0.0 0.00 3.8 22.3 11:48 SE 21 24.4 34.9 17:00 18.7 00:00 40.5 0.0 0.00 1.0 11.2 16:00 NE 22 21.9 32.4 14:39 14.9 23:53 43.9 0.0 0.00 3.2 25.2 16:34 NNW 23 9.8 21.2 14:02 -2.0 23:35 55.2 0.0 0.00 3.4 22.3 02:45 NNE 24 14.9 25.3 16:40 -8.0 05:16 65.0 0.0 0.00 8.1 28.1 15:13 SW 25 26.9 40.3 13:27 11.5 07:50 38.1 0.0 0.06 4.3 15.3 01:55 ENE 26 21.9 28.4 13:27 7.3 23:59 43.1 0.0 0.00 6.9 29.4 12:56 NNE 27 10.6 26.2 14:08 -2.6 07:16 54.4 0.0 0.00 2.0 22.3 14:41 NNE 28 19.5 34.7 16:06 3.2 00:43 45.5 0.0 0.00 2.0 15.3 11:23 E ---------------------------------------------------------------------------------- 22.6 61.0 8 -12.1 20 1211.8 0.0 0.53 4.1 37.2 14 WNW Max >= 80.0: 0 Max <= 32.0: 13 Min <= 32.0: 25 Min <= 0.0: 7 Max Rain: 0.39 on day 1 Days of Rain: 5 (>= 0.01 in) 1 (>= 0.10 in) 0 (>= 1.00 in) Heat Base: 65.0 Cool Base: 65.0 Method: Integration