NOAA-Style Climate Reports
Select a Year or Month report
2024: Jan Feb Mar Apr May Jun Jul Aug Sep Oct Nov Dec
2023: Jan Feb Mar Apr May Jun Jul Aug Sep Oct Nov Dec
2022: Jan Feb Mar Apr May Jun Jul Aug Sep Oct Nov Dec
2021: Jan Feb Mar Apr May Jun Jul Aug Sep Oct Nov Dec
2020: Jan Feb Mar Apr May Jun Jul Aug Sep Oct Nov Dec
2019: Jan Feb Mar Apr May Jun Jul Aug Sep Oct Nov Dec
2018: Jan Feb Mar Apr May Jun Jul Aug Sep Oct Nov Dec
2017: Jan Feb Mar Apr May Jun Jul Aug Sep Oct Nov Dec
2016: Jan Feb Mar Apr May Jun Jul Aug Sep Oct Nov Dec
2015: Jan Feb Mar Apr May Jun Jul Aug Sep Oct Nov Dec
2014: Jan Feb Mar Apr May Jun Jul Aug Sep Oct Nov Dec
2013: Jan Feb Mar Apr May Jun Jul Aug Sep Oct Nov Dec
2024: Jan Feb Mar Apr May Jun Jul Aug Sep Oct Nov Dec
2023: Jan Feb Mar Apr May Jun Jul Aug Sep Oct Nov Dec
2022: Jan Feb Mar Apr May Jun Jul Aug Sep Oct Nov Dec
2021: Jan Feb Mar Apr May Jun Jul Aug Sep Oct Nov Dec
2020: Jan Feb Mar Apr May Jun Jul Aug Sep Oct Nov Dec
2019: Jan Feb Mar Apr May Jun Jul Aug Sep Oct Nov Dec
2018: Jan Feb Mar Apr May Jun Jul Aug Sep Oct Nov Dec
2017: Jan Feb Mar Apr May Jun Jul Aug Sep Oct Nov Dec
2016: Jan Feb Mar Apr May Jun Jul Aug Sep Oct Nov Dec
2015: Jan Feb Mar Apr May Jun Jul Aug Sep Oct Nov Dec
2014: Jan Feb Mar Apr May Jun Jul Aug Sep Oct Nov Dec
2013: Jan Feb Mar Apr May Jun Jul Aug Sep Oct Nov Dec
Report for 2015 January
Monthly Climatological Summary for Jan 2015 Name: GosportWX.com City: Gosport State: IN Elevation: 791 ft Lat: N 39° 17' 52" Lon: W 086° 41' 56" Temperature (°F), Rain (in), Wind Speed (mph) Heat Cool Avg Mean Deg Deg Wind Dom Day Temp High Time Low Time Days Days Rain Speed High Time Dir ---------------------------------------------------------------------------------- 1 27.3 36.6 14:58 19.3 01:31 37.7 0.0 0.00 5.9 26.9 12:05 WSW 2 34.2 40.0 13:56 28.1 01:15 30.8 0.0 0.01 1.1 8.8 02:51 SW 3 44.5 56.8 17:34 33.9 00:58 20.5 0.0 0.77 2.1 25.6 15:57 SW 4 32.2 47.0 00:00 14.8 23:58 32.9 0.0 0.05 10.4 28.7 08:07 W 5 12.7 16.8 23:50 7.8 07:42 52.3 0.0 0.00 4.4 23.9 00:10 WNW 6 18.5 26.7 13:56 12.5 20:34 46.5 0.0 0.00 3.1 18.1 18:54 WNW 7 6.7 15.0 02:26 -3.9 23:57 58.3 0.0 0.00 7.9 23.9 05:13 WNW 8 6.1 21.6 23:55 -5.9 05:48 58.8 0.0 0.00 6.8 34.5 21:52 SW 9 13.0 23.4 02:30 4.9 23:50 52.0 0.0 0.00 11.2 31.6 01:51 WNW 10 14.0 28.3 16:39 0.6 05:50 51.0 0.0 0.00 3.4 19.9 10:31 SSW 11 31.9 37.7 15:37 24.5 00:00 33.0 0.0 0.37 3.2 23.4 03:43 SSW 12 31.0 35.5 03:39 21.3 23:33 34.0 0.0 0.12 4.1 28.2 18:12 N 13 20.2 28.3 14:33 9.9 23:57 44.8 0.0 0.00 3.1 24.8 02:44 N 14 17.9 26.5 13:44 7.4 03:26 47.1 0.0 0.00 1.5 16.5 12:41 W 15 28.0 40.0 14:44 15.9 07:56 37.0 0.0 0.00 3.7 19.9 11:31 WSW 16 33.2 48.8 16:33 24.0 07:45 31.8 0.0 0.00 2.9 19.9 00:07 WSW 17 43.2 54.6 14:37 31.9 00:24 21.8 0.0 0.00 7.1 37.9 14:48 SW 18 38.1 46.8 16:10 29.6 23:59 26.9 0.0 0.04 5.9 28.2 11:45 W 19 35.0 57.1 16:37 20.8 08:02 30.0 0.0 0.00 0.5 9.7 12:02 ENE 20 39.6 54.6 14:23 27.2 08:22 25.4 0.0 0.00 3.1 24.8 13:43 W 21 36.2 45.2 11:42 29.6 07:37 28.8 0.0 0.00 6.4 29.7 12:55 W 22 34.1 38.2 12:57 31.4 23:40 30.9 0.0 0.00 1.0 11.7 01:25 NNW 23 31.6 39.6 13:57 27.6 08:22 33.4 0.0 0.00 1.0 13.1 13:47 NNW 24 33.3 45.8 16:19 23.4 03:23 31.7 0.0 0.00 4.7 23.4 10:42 WSW 25 37.3 41.8 10:43 24.7 23:59 27.7 0.0 0.04 1.7 23.4 23:15 S 26 26.6 30.5 14:20 21.6 07:43 38.6 0.0 0.00 2.0 15.1 12:44 W 27 26.7 34.8 17:05 17.7 23:47 38.4 0.0 0.00 0.5 13.1 18:46 N 28 27.3 42.7 14:42 13.9 05:13 37.7 0.0 0.00 2.1 16.5 10:51 SSE 29 38.6 49.3 09:50 34.1 23:44 26.4 0.0 0.02 5.6 27.5 09:38 WSW 30 30.9 38.7 11:58 20.2 23:55 34.1 0.0 0.00 4.1 34.1 06:57 N 31 30.0 42.8 13:23 17.4 04:17 35.0 0.0 0.02 2.0 20.0 13:38 SW ---------------------------------------------------------------------------------- 28.4 57.1 19 -5.9 8 1135.3 0.0 1.44 3.9 37.9 17 W Max >= 80.0: 0 Max <= 32.0: 9 Min <= 32.0: 29 Min <= 0.0: 2 Max Rain: 0.77 on day 3 Days of Rain: 9 (>= 0.01 in) 3 (>= 0.10 in) 0 (>= 1.00 in) Heat Base: 65.0 Cool Base: 65.0 Method: Integration