NOAA-Style Climate Reports
Select a Year or Month report
2024: Jan Feb Mar Apr May Jun Jul Aug Sep Oct Nov Dec
2023: Jan Feb Mar Apr May Jun Jul Aug Sep Oct Nov Dec
2022: Jan Feb Mar Apr May Jun Jul Aug Sep Oct Nov Dec
2021: Jan Feb Mar Apr May Jun Jul Aug Sep Oct Nov Dec
2020: Jan Feb Mar Apr May Jun Jul Aug Sep Oct Nov Dec
2019: Jan Feb Mar Apr May Jun Jul Aug Sep Oct Nov Dec
2018: Jan Feb Mar Apr May Jun Jul Aug Sep Oct Nov Dec
2017: Jan Feb Mar Apr May Jun Jul Aug Sep Oct Nov Dec
2016: Jan Feb Mar Apr May Jun Jul Aug Sep Oct Nov Dec
2015: Jan Feb Mar Apr May Jun Jul Aug Sep Oct Nov Dec
2014: Jan Feb Mar Apr May Jun Jul Aug Sep Oct Nov Dec
2013: Jan Feb Mar Apr May Jun Jul Aug Sep Oct Nov Dec
2024: Jan Feb Mar Apr May Jun Jul Aug Sep Oct Nov Dec
2023: Jan Feb Mar Apr May Jun Jul Aug Sep Oct Nov Dec
2022: Jan Feb Mar Apr May Jun Jul Aug Sep Oct Nov Dec
2021: Jan Feb Mar Apr May Jun Jul Aug Sep Oct Nov Dec
2020: Jan Feb Mar Apr May Jun Jul Aug Sep Oct Nov Dec
2019: Jan Feb Mar Apr May Jun Jul Aug Sep Oct Nov Dec
2018: Jan Feb Mar Apr May Jun Jul Aug Sep Oct Nov Dec
2017: Jan Feb Mar Apr May Jun Jul Aug Sep Oct Nov Dec
2016: Jan Feb Mar Apr May Jun Jul Aug Sep Oct Nov Dec
2015: Jan Feb Mar Apr May Jun Jul Aug Sep Oct Nov Dec
2014: Jan Feb Mar Apr May Jun Jul Aug Sep Oct Nov Dec
2013: Jan Feb Mar Apr May Jun Jul Aug Sep Oct Nov Dec
Report for 2014 May
Monthly Climatological Summary for May 2014 Name: GosportWX.com City: Gosport State: IN Elevation: 791 ft Lat: N 39° 17' 52" Lon: W 086° 41' 56" Temperature (°F), Rain (in), Wind Speed (mph) Heat Cool Avg Mean Deg Deg Wind Dom Day Temp High Time Low Time Days Days Rain Speed High Time Dir ---------------------------------------------------------------------------------- 1 49.5 58.3 12:29 43.0 01:58 15.5 0.0 0.00 5.2 26.2 12:54 SW 2 50.7 56.3 15:58 45.9 06:47 14.3 0.0 0.00 3.4 18.1 12:54 SW 3 59.2 71.1 15:30 46.8 00:24 6.9 1.1 0.00 5.5 23.8 15:38 WSW 4 64.9 80.4 15:36 50.7 07:00 4.2 4.2 0.00 1.9 16.1 20:01 NW 5 63.3 86.7 15:29 46.8 04:47 6.5 4.8 0.00 1.6 13.8 22:18 NNW 6 66.3 83.8 15:15 51.1 07:01 4.4 5.7 0.00 1.2 12.4 13:53 NNE 7 73.3 89.1 15:35 58.1 03:56 1.1 9.5 0.00 2.7 20.5 10:13 S 8 77.3 89.1 17:05 68.0 06:10 0.0 12.3 0.00 4.0 20.5 11:14 S 9 70.4 79.0 15:32 61.0 23:23 0.3 5.7 0.12 2.7 21.8 02:42 S 10 68.7 82.2 15:26 57.7 23:33 1.2 5.0 0.00 1.5 14.8 16:53 W 11 69.3 87.4 15:21 57.2 01:30 2.5 6.9 1.53 1.6 19.5 05:10 S 12 73.4 81.5 11:19 66.2 06:40 0.0 8.4 0.05 1.6 19.5 12:00 S 13 70.4 83.1 12:52 57.0 23:58 1.1 6.5 1.96 2.7 23.8 13:07 SW 14 55.0 60.3 15:35 51.8 21:25 10.0 0.0 2.45 1.6 17.1 20:52 NNW 15 49.7 62.2 17:05 45.1 23:57 15.3 0.0 0.05 4.0 17.1 12:23 WSW 16 49.1 60.1 15:22 44.1 23:31 15.9 0.0 0.70 2.6 25.2 17:25 SW 17 50.2 62.8 15:24 41.2 23:57 14.8 0.0 0.00 2.3 14.8 15:39 WSW 18 53.2 73.0 14:52 34.9 06:39 12.8 1.0 0.05 0.6 10.4 15:02 WNW 19 59.8 78.4 15:47 39.7 06:25 8.6 3.4 0.00 1.0 12.4 13:59 E 20 70.9 83.3 15:22 58.6 04:26 1.4 7.4 0.00 2.1 16.1 10:53 SSW 21 74.4 88.9 15:03 63.9 23:56 0.0 9.5 0.68 3.0 18.1 16:32 SW 22 71.2 84.2 13:41 61.9 00:49 0.6 6.7 0.27 1.1 21.8 00:10 W 23 65.6 77.4 15:27 53.8 06:54 2.8 3.3 0.00 0.9 12.4 15:01 NW 24 63.6 77.2 10:18 49.8 06:12 4.9 3.3 0.00 0.2 6.7 09:56 NNW 25 68.6 87.1 14:53 55.6 06:44 3.3 6.9 0.00 0.6 10.4 12:21 S 26 70.1 87.7 15:58 53.7 05:36 3.3 8.5 0.00 0.9 12.4 15:29 SW 27 74.4 86.3 15:35 62.0 06:07 0.3 9.7 0.00 1.8 16.1 14:07 SW 28 73.2 87.2 15:54 60.2 07:10 0.6 8.8 0.00 1.0 9.1 14:46 SSW 29 70.6 83.9 14:46 60.4 05:38 0.7 6.3 0.00 0.4 11.4 16:56 WNW 30 71.2 86.3 15:24 59.1 06:29 1.2 7.4 0.00 0.9 12.4 12:22 NW 31 70.1 87.4 15:50 54.2 06:44 2.9 8.1 0.00 0.8 12.4 10:47 NNW ---------------------------------------------------------------------------------- 65.1 89.1 7 34.9 18 157.4 160.4 7.86 2.0 26.2 1 SW Max >= 80.0: 19 Max <= 32.0: 0 Min <= 32.0: 0 Min <= 0.0: 0 Max Rain: 2.45 on day 14 Days of Rain: 10 (>= 0.01 in) 7 (>= 0.10 in) 3 (>= 1.00 in) Heat Base: 65.0 Cool Base: 65.0 Method: Integration