NOAA-Style Climate Reports
Select a Year or Month report
2024: Jan Feb Mar Apr May Jun Jul Aug Sep Oct Nov Dec
2023: Jan Feb Mar Apr May Jun Jul Aug Sep Oct Nov Dec
2022: Jan Feb Mar Apr May Jun Jul Aug Sep Oct Nov Dec
2021: Jan Feb Mar Apr May Jun Jul Aug Sep Oct Nov Dec
2020: Jan Feb Mar Apr May Jun Jul Aug Sep Oct Nov Dec
2019: Jan Feb Mar Apr May Jun Jul Aug Sep Oct Nov Dec
2018: Jan Feb Mar Apr May Jun Jul Aug Sep Oct Nov Dec
2017: Jan Feb Mar Apr May Jun Jul Aug Sep Oct Nov Dec
2016: Jan Feb Mar Apr May Jun Jul Aug Sep Oct Nov Dec
2015: Jan Feb Mar Apr May Jun Jul Aug Sep Oct Nov Dec
2014: Jan Feb Mar Apr May Jun Jul Aug Sep Oct Nov Dec
2013: Jan Feb Mar Apr May Jun Jul Aug Sep Oct Nov Dec
2024: Jan Feb Mar Apr May Jun Jul Aug Sep Oct Nov Dec
2023: Jan Feb Mar Apr May Jun Jul Aug Sep Oct Nov Dec
2022: Jan Feb Mar Apr May Jun Jul Aug Sep Oct Nov Dec
2021: Jan Feb Mar Apr May Jun Jul Aug Sep Oct Nov Dec
2020: Jan Feb Mar Apr May Jun Jul Aug Sep Oct Nov Dec
2019: Jan Feb Mar Apr May Jun Jul Aug Sep Oct Nov Dec
2018: Jan Feb Mar Apr May Jun Jul Aug Sep Oct Nov Dec
2017: Jan Feb Mar Apr May Jun Jul Aug Sep Oct Nov Dec
2016: Jan Feb Mar Apr May Jun Jul Aug Sep Oct Nov Dec
2015: Jan Feb Mar Apr May Jun Jul Aug Sep Oct Nov Dec
2014: Jan Feb Mar Apr May Jun Jul Aug Sep Oct Nov Dec
2013: Jan Feb Mar Apr May Jun Jul Aug Sep Oct Nov Dec
Report for 2014 March
Monthly Climatological Summary for Mar 2014 Name: GosportWX.com City: Gosport State: IN Elevation: 791 ft Lat: N 39° 17' 52" Lon: W 086° 41' 56" Temperature (°F), Rain (in), Wind Speed (mph) Heat Cool Avg Mean Deg Deg Wind Dom Day Temp High Time Low Time Days Days Rain Speed High Time Dir ---------------------------------------------------------------------------------- 1 39.4 55.0 14:17 27.9 02:46 25.6 0.0 0.00 2.6 16.1 14:53 WSW 2 21.8 28.8 00:00 14.5 22:55 43.2 0.0 0.00 3.2 18.1 17:01 NNW 3 16.2 29.5 13:50 10.0 21:25 48.8 0.0 0.05 2.7 18.1 00:31 NNW 4 22.6 47.8 14:01 4.6 07:07 42.4 0.0 0.53 1.0 11.4 15:30 WSW 5 27.7 42.1 13:48 16.2 06:29 37.3 0.0 0.02 1.7 13.8 16:21 NNW 6 31.7 49.5 14:36 20.3 06:51 33.3 0.0 0.00 1.6 12.4 00:00 NW 7 40.1 61.9 14:42 22.8 06:45 24.9 0.0 0.00 1.9 16.1 17:24 WSW 8 40.3 54.7 13:48 27.7 23:56 24.7 0.0 0.00 2.3 14.8 20:13 W 9 34.3 49.6 15:51 20.3 08:08 29.4 0.0 0.00 2.5 16.1 14:19 SW 10 49.6 67.3 16:18 37.6 05:45 15.5 0.0 0.00 5.5 23.8 12:16 SSW 11 59.4 76.5 15:52 44.1 08:23 7.3 1.8 0.00 3.5 18.1 15:38 SW 12 38.6 59.0 00:18 25.2 23:57 26.5 0.0 0.97 4.2 29.5 07:40 NW 13 30.6 46.0 15:46 15.1 07:35 34.4 0.0 0.00 2.3 13.8 15:39 S 14 51.0 63.9 14:07 36.5 02:42 14.0 0.0 0.00 7.6 45.6 14:47 SW 15 49.4 66.9 16:10 36.7 08:19 15.6 0.0 0.00 2.7 16.1 14:20 WSW 16 32.7 42.6 00:00 24.8 23:52 32.3 0.0 0.00 4.8 30.9 15:58 NW 17 30.9 46.9 15:21 21.0 04:11 34.1 0.0 0.00 1.8 17.1 02:37 NNW 18 39.9 59.5 15:51 23.7 07:09 25.1 0.0 0.00 2.2 21.8 19:13 ESE 19 47.5 53.8 13:08 37.4 23:51 17.5 0.0 0.00 8.2 33.2 14:10 SW 20 43.7 59.9 15:11 30.6 07:51 21.3 0.0 0.00 5.5 23.8 00:40 WSW 21 53.4 73.0 15:49 33.1 07:24 12.6 1.1 0.00 4.7 23.8 14:41 SW 22 46.8 59.5 00:00 35.6 07:29 18.3 0.0 0.00 3.7 26.2 01:07 WNW 23 35.5 47.5 16:12 25.2 23:57 29.5 0.0 0.00 3.0 19.5 06:57 NW 24 31.2 47.5 14:52 18.0 07:36 33.8 0.0 0.00 1.6 14.8 17:34 W 25 29.8 37.6 14:59 24.1 23:50 35.2 0.0 0.00 5.1 36.6 16:41 W 26 31.3 49.3 16:04 15.4 07:49 33.7 0.0 0.00 1.8 12.4 14:17 SSW 27 44.8 57.7 18:17 32.0 00:00 20.2 0.0 0.12 3.8 33.2 23:55 SE 28 49.4 59.5 15:44 40.8 21:57 15.6 0.0 0.46 5.7 26.2 01:14 WSW 29 38.6 42.8 00:00 36.0 06:29 26.4 0.0 0.82 2.7 18.1 18:56 NNW 30 44.1 65.5 15:46 25.9 07:24 20.9 0.0 0.00 1.5 13.8 18:18 W 31 54.2 76.3 16:13 30.4 07:39 12.5 1.8 0.00 2.5 18.1 16:20 SE ---------------------------------------------------------------------------------- 38.9 76.5 11 4.6 4 811.9 4.7 2.97 3.4 45.6 14 WSW Max >= 80.0: 0 Max <= 32.0: 2 Min <= 32.0: 22 Min <= 0.0: 0 Max Rain: 0.97 on day 12 Days of Rain: 7 (>= 0.01 in) 5 (>= 0.10 in) 0 (>= 1.00 in) Heat Base: 65.0 Cool Base: 65.0 Method: Integration