NOAA-Style Climate Reports
Select a Year or Month report
2024: Jan Feb Mar Apr May Jun Jul Aug Sep Oct Nov Dec
2023: Jan Feb Mar Apr May Jun Jul Aug Sep Oct Nov Dec
2022: Jan Feb Mar Apr May Jun Jul Aug Sep Oct Nov Dec
2021: Jan Feb Mar Apr May Jun Jul Aug Sep Oct Nov Dec
2020: Jan Feb Mar Apr May Jun Jul Aug Sep Oct Nov Dec
2019: Jan Feb Mar Apr May Jun Jul Aug Sep Oct Nov Dec
2018: Jan Feb Mar Apr May Jun Jul Aug Sep Oct Nov Dec
2017: Jan Feb Mar Apr May Jun Jul Aug Sep Oct Nov Dec
2016: Jan Feb Mar Apr May Jun Jul Aug Sep Oct Nov Dec
2015: Jan Feb Mar Apr May Jun Jul Aug Sep Oct Nov Dec
2014: Jan Feb Mar Apr May Jun Jul Aug Sep Oct Nov Dec
2013: Jan Feb Mar Apr May Jun Jul Aug Sep Oct Nov Dec
2024: Jan Feb Mar Apr May Jun Jul Aug Sep Oct Nov Dec
2023: Jan Feb Mar Apr May Jun Jul Aug Sep Oct Nov Dec
2022: Jan Feb Mar Apr May Jun Jul Aug Sep Oct Nov Dec
2021: Jan Feb Mar Apr May Jun Jul Aug Sep Oct Nov Dec
2020: Jan Feb Mar Apr May Jun Jul Aug Sep Oct Nov Dec
2019: Jan Feb Mar Apr May Jun Jul Aug Sep Oct Nov Dec
2018: Jan Feb Mar Apr May Jun Jul Aug Sep Oct Nov Dec
2017: Jan Feb Mar Apr May Jun Jul Aug Sep Oct Nov Dec
2016: Jan Feb Mar Apr May Jun Jul Aug Sep Oct Nov Dec
2015: Jan Feb Mar Apr May Jun Jul Aug Sep Oct Nov Dec
2014: Jan Feb Mar Apr May Jun Jul Aug Sep Oct Nov Dec
2013: Jan Feb Mar Apr May Jun Jul Aug Sep Oct Nov Dec
Report for 2014 February
Monthly Climatological Summary for Feb 2014 Name: GosportWX.com City: Gosport State: IN Elevation: 791 ft Lat: N 39° 17' 52" Lon: W 086° 41' 56" Temperature (°F), Rain (in), Wind Speed (mph) Heat Cool Avg Mean Deg Deg Wind Dom Day Temp High Time Low Time Days Days Rain Speed High Time Dir ---------------------------------------------------------------------------------- 1 39.9 48.9 12:31 32.9 01:14 25.1 0.0 1.04 2.1 18.3 08:31 SSW 2 28.5 34.0 00:00 22.5 23:59 36.5 0.0 0.29 0.4 21.5 01:14 NNW 3 23.6 35.6 14:20 14.9 08:04 41.4 0.0 0.05 0.0 0.0 00:00 E 4 24.2 29.8 12:47 20.5 01:07 40.8 0.0 0.00 0.0 0.0 00:00 E 5 24.1 27.0 12:07 20.7 23:50 40.9 0.0 0.00 0.0 0.0 00:00 E 6 10.8 20.7 00:00 -2.6 23:41 54.2 0.0 0.00 0.0 0.0 00:00 E 7 5.2 23.0 14:35 -8.7 07:38 59.8 0.0 0.00 0.0 0.0 00:00 E 8 20.0 32.0 13:21 7.3 00:21 45.0 0.0 0.05 0.6 13.9 14:58 S 9 23.3 32.0 14:01 13.8 23:58 41.7 0.0 0.00 5.1 29.1 13:19 W 10 9.7 26.6 14:04 -0.4 23:37 55.3 0.0 0.00 1.1 13.9 13:38 NW 11 6.8 28.9 14:28 -9.2 07:13 58.3 0.0 0.00 1.1 13.9 13:00 NW 12 15.5 41.5 14:45 -4.0 07:31 49.5 0.0 0.10 0.8 7.6 10:51 NW 13 26.8 46.9 13:24 7.5 07:51 38.2 0.0 0.02 3.6 22.8 14:08 SSW 14 24.2 31.8 00:00 15.4 23:56 40.8 0.0 0.00 4.8 27.3 03:55 W 15 18.3 31.6 13:27 2.8 07:32 46.6 0.0 0.02 3.5 25.9 15:36 WSW 16 25.9 38.7 14:18 14.5 23:34 39.1 0.0 0.22 2.6 18.3 10:57 WNW 17 28.8 36.3 11:07 15.8 00:00 36.2 0.0 0.73 5.7 39.4 18:01 SW 18 44.2 59.7 13:27 32.4 07:48 20.8 0.0 0.00 4.8 29.1 14:14 SSW 19 43.4 53.4 14:35 33.3 23:58 21.6 0.0 0.00 5.7 24.2 06:17 WSW 20 50.6 67.1 19:30 32.7 01:08 14.5 0.1 0.44 6.9 65.0 20:31 S 21 40.1 47.3 16:16 34.7 08:36 24.9 0.0 0.00 8.6 40.9 08:12 SW 22 45.9 62.4 13:29 35.2 07:50 19.1 0.0 0.00 3.9 23.8 00:17 SW 23 33.0 39.0 14:47 24.1 23:44 32.0 0.0 0.02 1.4 16.1 16:17 NW 24 26.4 33.8 14:20 19.6 07:23 38.6 0.0 0.00 4.1 17.1 12:56 W 25 26.1 32.0 12:52 21.6 23:57 38.9 0.0 0.00 3.6 20.5 23:51 W 26 16.9 25.0 14:49 7.3 07:21 48.1 0.0 0.00 5.6 21.8 01:33 W 27 19.9 30.7 14:40 10.2 23:51 45.1 0.0 0.00 5.9 26.2 07:28 W 28 23.9 44.2 14:34 8.2 06:21 41.1 0.0 0.00 1.5 14.8 14:57 SE ---------------------------------------------------------------------------------- 25.9 67.1 20 -9.2 11 1094.1 0.1 2.98 3.0 65.0 20 WSW Max >= 80.0: 0 Max <= 32.0: 13 Min <= 32.0: 22 Min <= 0.0: 5 Max Rain: 1.04 on day 1 Days of Rain: 11 (>= 0.01 in) 6 (>= 0.10 in) 1 (>= 1.00 in) Heat Base: 65.0 Cool Base: 65.0 Method: Integration