NOAA-Style Climate Reports
Select a Year or Month report
2024: Jan Feb Mar Apr May Jun Jul Aug Sep Oct Nov Dec
2023: Jan Feb Mar Apr May Jun Jul Aug Sep Oct Nov Dec
2022: Jan Feb Mar Apr May Jun Jul Aug Sep Oct Nov Dec
2021: Jan Feb Mar Apr May Jun Jul Aug Sep Oct Nov Dec
2020: Jan Feb Mar Apr May Jun Jul Aug Sep Oct Nov Dec
2019: Jan Feb Mar Apr May Jun Jul Aug Sep Oct Nov Dec
2018: Jan Feb Mar Apr May Jun Jul Aug Sep Oct Nov Dec
2017: Jan Feb Mar Apr May Jun Jul Aug Sep Oct Nov Dec
2016: Jan Feb Mar Apr May Jun Jul Aug Sep Oct Nov Dec
2015: Jan Feb Mar Apr May Jun Jul Aug Sep Oct Nov Dec
2014: Jan Feb Mar Apr May Jun Jul Aug Sep Oct Nov Dec
2013: Jan Feb Mar Apr May Jun Jul Aug Sep Oct Nov Dec
2024: Jan Feb Mar Apr May Jun Jul Aug Sep Oct Nov Dec
2023: Jan Feb Mar Apr May Jun Jul Aug Sep Oct Nov Dec
2022: Jan Feb Mar Apr May Jun Jul Aug Sep Oct Nov Dec
2021: Jan Feb Mar Apr May Jun Jul Aug Sep Oct Nov Dec
2020: Jan Feb Mar Apr May Jun Jul Aug Sep Oct Nov Dec
2019: Jan Feb Mar Apr May Jun Jul Aug Sep Oct Nov Dec
2018: Jan Feb Mar Apr May Jun Jul Aug Sep Oct Nov Dec
2017: Jan Feb Mar Apr May Jun Jul Aug Sep Oct Nov Dec
2016: Jan Feb Mar Apr May Jun Jul Aug Sep Oct Nov Dec
2015: Jan Feb Mar Apr May Jun Jul Aug Sep Oct Nov Dec
2014: Jan Feb Mar Apr May Jun Jul Aug Sep Oct Nov Dec
2013: Jan Feb Mar Apr May Jun Jul Aug Sep Oct Nov Dec
Report for 2013 December
Monthly Climatological Summary for Dec 2013 Name: GosportWX.com City: Gosport State: IN Elevation: 791 ft Lat: N 39° 17' 52" Lon: W 086° 41' 56" Temperature (°F), Rain (in), Wind Speed (mph) Heat Cool Avg Mean Deg Deg Wind Dom Day Temp High Time Low Time Days Days Rain Speed High Time Dir ---------------------------------------------------------------------------------- 1 44.3 55.6 14:03 34.7 22:03 20.8 0.0 0.00 1.5 9.8 00:05 SE 2 41.1 55.9 14:27 32.5 03:10 24.0 0.0 0.00 0.1 5.4 14:31 NNW 3 44.6 52.2 14:36 33.6 04:11 20.4 0.0 0.00 0.5 7.6 13:16 NE 4 55.8 65.7 21:15 43.9 00:59 9.2 0.0 0.00 1.1 11.4 21:11 E 5 38.0 63.5 00:21 23.9 23:59 27.0 0.0 0.05 2.5 13.0 01:48 S 6 23.5 25.2 10:33 21.6 23:56 41.5 0.0 0.00 0.0 0.0 00:00 E 7 16.4 28.2 12:40 6.4 07:43 48.5 0.0 0.00 0.0 0.0 00:00 E 8 24.8 31.1 14:29 16.5 00:00 40.2 0.0 0.00 0.0 0.0 00:00 E 9 25.8 31.1 12:50 20.5 23:56 39.2 0.0 0.00 0.0 0.0 00:00 E 10 19.9 28.4 14:36 11.7 08:08 45.1 0.0 0.00 0.0 0.0 00:00 E 11 19.2 32.5 11:17 6.3 04:35 45.8 0.0 0.00 0.8 10.7 15:51 SW 12 12.4 23.4 12:57 -1.5 08:02 52.5 0.0 0.00 1.6 11.4 14:10 SE 13 29.2 41.2 13:34 17.6 08:08 35.8 0.0 0.08 1.3 14.5 18:25 ESE 14 33.3 37.4 13:48 29.3 22:50 31.7 0.0 0.40 1.4 10.7 20:47 SSW 15 25.2 29.7 00:44 21.9 10:43 39.7 0.0 0.00 4.2 14.5 08:01 S 16 29.0 34.3 14:38 25.9 19:12 36.0 0.0 0.04 0.6 9.2 22:50 S 17 26.6 32.4 00:00 23.2 09:23 38.4 0.0 0.00 3.1 12.1 00:15 S 18 31.8 43.2 14:24 19.9 06:41 33.0 0.0 0.01 2.4 9.8 02:15 SE 19 48.7 55.8 23:45 42.1 01:45 16.3 0.0 0.01 3.2 13.0 03:10 ESE 20 57.3 61.7 18:35 52.2 23:56 7.6 0.0 0.91 4.0 14.5 00:00 ESE 21 44.1 52.2 00:00 40.5 09:47 21.0 0.0 3.86 0.7 9.2 02:13 WSW 22 38.5 47.3 02:35 32.4 23:40 26.6 0.0 0.07 6.5 29.1 06:19 SSE 23 26.4 32.4 00:00 17.8 23:59 38.6 0.0 0.00 4.2 19.8 02:28 S 24 14.9 24.3 14:27 6.4 07:42 50.1 0.0 0.00 2.4 17.4 00:00 S 25 25.8 31.6 23:59 19.4 00:00 39.2 0.0 0.00 2.2 12.6 07:23 ESE 26 33.4 41.4 14:40 28.2 08:19 31.6 0.0 0.00 3.1 21.0 01:40 SSE 27 38.4 50.0 14:31 30.9 08:10 26.6 0.0 0.00 2.5 12.2 14:52 SE 28 41.4 55.0 12:51 34.5 08:31 23.6 0.0 0.00 2.2 14.2 13:00 ESE 29 33.9 41.3 12:56 26.8 23:52 31.2 0.0 0.02 4.0 20.2 13:27 S 30 22.2 28.4 14:17 18.7 08:14 42.8 0.0 0.00 2.6 14.2 03:23 S 31 27.9 36.3 16:35 20.8 00:00 37.0 0.0 0.00 3.3 17.2 11:50 SSE ---------------------------------------------------------------------------------- 32.1 65.7 4 -1.5 12 1021.0 0.0 5.45 1.9 29.1 22 SSE Max >= 80.0: 0 Max <= 32.0: 10 Min <= 32.0: 22 Min <= 0.0: 1 Max Rain: 3.86 on day 21 Days of Rain: 10 (>= 0.01 in) 3 (>= 0.10 in) 1 (>= 1.00 in) Heat Base: 65.0 Cool Base: 65.0 Method: Integration