NOAA-Style Climate Reports
Select a Year or Month report
2024: Jan Feb Mar Apr May Jun Jul Aug Sep Oct Nov Dec
2023: Jan Feb Mar Apr May Jun Jul Aug Sep Oct Nov Dec
2022: Jan Feb Mar Apr May Jun Jul Aug Sep Oct Nov Dec
2021: Jan Feb Mar Apr May Jun Jul Aug Sep Oct Nov Dec
2020: Jan Feb Mar Apr May Jun Jul Aug Sep Oct Nov Dec
2019: Jan Feb Mar Apr May Jun Jul Aug Sep Oct Nov Dec
2018: Jan Feb Mar Apr May Jun Jul Aug Sep Oct Nov Dec
2017: Jan Feb Mar Apr May Jun Jul Aug Sep Oct Nov Dec
2016: Jan Feb Mar Apr May Jun Jul Aug Sep Oct Nov Dec
2015: Jan Feb Mar Apr May Jun Jul Aug Sep Oct Nov Dec
2014: Jan Feb Mar Apr May Jun Jul Aug Sep Oct Nov Dec
2013: Jan Feb Mar Apr May Jun Jul Aug Sep Oct Nov Dec
2024: Jan Feb Mar Apr May Jun Jul Aug Sep Oct Nov Dec
2023: Jan Feb Mar Apr May Jun Jul Aug Sep Oct Nov Dec
2022: Jan Feb Mar Apr May Jun Jul Aug Sep Oct Nov Dec
2021: Jan Feb Mar Apr May Jun Jul Aug Sep Oct Nov Dec
2020: Jan Feb Mar Apr May Jun Jul Aug Sep Oct Nov Dec
2019: Jan Feb Mar Apr May Jun Jul Aug Sep Oct Nov Dec
2018: Jan Feb Mar Apr May Jun Jul Aug Sep Oct Nov Dec
2017: Jan Feb Mar Apr May Jun Jul Aug Sep Oct Nov Dec
2016: Jan Feb Mar Apr May Jun Jul Aug Sep Oct Nov Dec
2015: Jan Feb Mar Apr May Jun Jul Aug Sep Oct Nov Dec
2014: Jan Feb Mar Apr May Jun Jul Aug Sep Oct Nov Dec
2013: Jan Feb Mar Apr May Jun Jul Aug Sep Oct Nov Dec
Report for 2013 November
Monthly Climatological Summary for Nov 2013 Name: GosportWX.com City: Gosport State: IN Elevation: 791 ft Lat: N 39° 17' 52" Lon: W 086° 41' 56" Temperature (°F), Rain (in), Wind Speed (mph) Heat Cool Avg Mean Deg Deg Wind Dom Day Temp High Time Low Time Days Days Rain Speed High Time Dir ---------------------------------------------------------------------------------- 1 53.0 61.9 15:25 47.5 05:48 12.1 0.0 0.01 3.2 15.2 15:26 SSE 2 47.0 58.3 14:02 39.9 22:37 17.9 0.0 0.00 2.1 11.4 13:00 S 3 42.3 60.1 14:06 31.8 07:43 23.6 0.0 0.00 0.2 6.9 12:11 SW 4 48.8 58.3 14:50 36.9 00:01 16.2 0.0 0.00 0.3 6.9 09:38 ENE 5 54.1 62.6 15:07 48.6 07:06 10.9 0.0 0.01 0.2 6.9 23:19 NNE 6 54.1 61.2 01:52 41.2 23:47 10.9 0.0 0.45 2.8 13.6 15:18 SE 7 42.2 52.0 13:51 32.4 07:30 22.8 0.0 0.00 2.2 11.4 14:45 S 8 43.5 55.0 02:50 31.1 00:00 21.5 0.0 0.00 3.1 10.1 00:00 S 9 56.5 64.0 14:17 48.2 23:58 5.3 0.0 0.00 3.2 17.4 09:27 SSE 10 43.9 55.6 13:42 30.4 23:53 21.0 0.0 0.00 1.9 9.8 03:54 SSW 11 41.1 54.5 11:15 28.8 02:52 23.9 0.0 0.08 1.2 11.4 22:24 S 12 31.1 40.8 13:42 23.5 23:52 33.9 0.0 0.04 0.7 11.4 00:12 WSW 13 29.7 42.4 13:53 19.2 05:48 35.3 0.0 0.00 1.3 13.0 13:33 SE 14 42.5 56.7 14:08 32.0 00:00 22.4 0.0 0.00 2.2 15.2 11:24 ESE 15 47.2 56.8 14:09 41.9 07:25 17.9 0.0 0.00 1.4 9.8 12:34 ESE 16 55.3 64.9 14:49 46.6 00:04 9.7 0.0 0.12 2.0 13.0 23:14 ENE 17 61.6 69.3 14:49 51.3 23:59 3.9 0.6 0.80 4.2 20.6 17:14 SSE 18 45.6 52.7 14:09 33.6 23:57 19.3 0.0 0.00 3.4 15.9 12:59 S 19 34.2 47.1 14:24 26.4 05:45 30.9 0.0 0.00 0.5 8.3 12:29 WSW 20 38.2 52.9 13:59 24.1 05:14 26.9 0.0 0.00 0.3 6.0 10:49 ENE 21 49.4 58.3 13:19 43.3 07:50 15.6 0.0 0.17 0.2 6.9 01:15 NE 22 45.5 52.7 01:22 34.5 23:54 19.4 0.0 0.02 1.5 10.7 14:25 SW 23 28.4 36.1 14:15 19.9 23:54 36.6 0.0 0.00 1.8 13.0 20:18 SW 24 21.6 33.4 13:59 13.1 07:29 43.3 0.0 0.00 0.8 9.2 03:09 WSW 25 28.8 35.1 13:14 18.7 00:37 36.2 0.0 0.00 1.1 9.8 13:39 ESE 26 33.6 37.8 15:45 30.0 05:53 31.3 0.0 0.00 1.2 14.5 21:52 SW 27 23.5 31.5 00:00 17.1 07:57 41.5 0.0 0.00 3.0 12.1 13:34 SSW 28 26.8 39.0 14:33 17.1 03:31 38.2 0.0 0.00 1.6 14.5 15:09 ESE 29 28.7 43.3 13:05 16.7 07:58 36.3 0.0 0.00 0.4 6.9 12:33 NNE 30 39.7 55.8 14:33 24.6 08:00 25.3 0.0 0.00 1.9 11.4 14:01 ESE ---------------------------------------------------------------------------------- 41.3 69.3 17 13.1 24 710.0 0.6 1.70 1.6 20.6 17 SSE Max >= 80.0: 0 Max <= 32.0: 1 Min <= 32.0: 17 Min <= 0.0: 0 Max Rain: 0.80 on day 17 Days of Rain: 9 (>= 0.01 in) 4 (>= 0.10 in) 0 (>= 1.00 in) Heat Base: 65.0 Cool Base: 65.0 Method: Integration