NOAA-Style Climate Reports
Select a Year or Month report
2024: Jan Feb Mar Apr May Jun Jul Aug Sep Oct Nov Dec
2023: Jan Feb Mar Apr May Jun Jul Aug Sep Oct Nov Dec
2022: Jan Feb Mar Apr May Jun Jul Aug Sep Oct Nov Dec
2021: Jan Feb Mar Apr May Jun Jul Aug Sep Oct Nov Dec
2020: Jan Feb Mar Apr May Jun Jul Aug Sep Oct Nov Dec
2019: Jan Feb Mar Apr May Jun Jul Aug Sep Oct Nov Dec
2018: Jan Feb Mar Apr May Jun Jul Aug Sep Oct Nov Dec
2017: Jan Feb Mar Apr May Jun Jul Aug Sep Oct Nov Dec
2016: Jan Feb Mar Apr May Jun Jul Aug Sep Oct Nov Dec
2015: Jan Feb Mar Apr May Jun Jul Aug Sep Oct Nov Dec
2014: Jan Feb Mar Apr May Jun Jul Aug Sep Oct Nov Dec
2013: Jan Feb Mar Apr May Jun Jul Aug Sep Oct Nov Dec
2024: Jan Feb Mar Apr May Jun Jul Aug Sep Oct Nov Dec
2023: Jan Feb Mar Apr May Jun Jul Aug Sep Oct Nov Dec
2022: Jan Feb Mar Apr May Jun Jul Aug Sep Oct Nov Dec
2021: Jan Feb Mar Apr May Jun Jul Aug Sep Oct Nov Dec
2020: Jan Feb Mar Apr May Jun Jul Aug Sep Oct Nov Dec
2019: Jan Feb Mar Apr May Jun Jul Aug Sep Oct Nov Dec
2018: Jan Feb Mar Apr May Jun Jul Aug Sep Oct Nov Dec
2017: Jan Feb Mar Apr May Jun Jul Aug Sep Oct Nov Dec
2016: Jan Feb Mar Apr May Jun Jul Aug Sep Oct Nov Dec
2015: Jan Feb Mar Apr May Jun Jul Aug Sep Oct Nov Dec
2014: Jan Feb Mar Apr May Jun Jul Aug Sep Oct Nov Dec
2013: Jan Feb Mar Apr May Jun Jul Aug Sep Oct Nov Dec
Report for 2013 May
Monthly Climatological Summary for May 2013 Name: GosportWx.com City: Gosport State: IN Elevation: 751 ft Lat: N 39° 17' 52" Lon: W 086° 41' 56" Temperature (°F), Rain (in), Wind Speed (mph) Heat Cool Avg Mean Deg Deg Wind Dom Day Temp High Time Low Time Days Days Rain Speed High Time Dir ---------------------------------------------------------------------------------- 1 71.7 90.5 2:21p 53.1 6:59a 0.0 53.4 0.00 0.5 6.0 4:08p ENE 2 70.9 86.4 1:57p 57.9 3:40a 0.0 52.6 0.00 0.8 8.3 6:14p NE 3 67.7 79.0 4:07p 60.1 5:29a 0.0 49.4 0.14 0.7 9.2 10:37p N 4 58.2 66.9 11:08a 53.6 11:55p 0.0 39.9 0.20 0.3 5.4 10:59a WSW 5 53.9 57.4 11:21a 52.2 11:47p 0.0 35.6 0.66 0.5 7.6 4:51p W 6 59.9 72.1 3:42p 52.2 12:00a 0.0 41.6 0.05 0.8 9.2 3:41p WSW 7 65.9 80.1 3:10p 55.8 2:41a 0.0 47.8 0.00 0.6 8.3 2:31p WSW 8 66.9 85.5 3:34p 54.7 6:34a 0.0 48.6 0.09 0.5 10.7 4:29p S 9 66.1 84.2 12:34p 55.0 6:59a 0.0 47.2 0.70 0.7 9.2 4:59p SE 10 62.9 70.5 4:32p 52.3 11:53p 0.0 45.9 0.06 0.6 6.0 7:33p SSE 11 53.6 66.7 2:53p 46.8 8:08a 0.0 35.1 0.01 2.6 16.8 8:03p S 12 50.3 63.0 3:34p 39.0 6:52a 0.0 32.0 0.00 2.6 13.0 2:10p S 13 55.2 70.3 5:15p 40.5 5:58a 0.0 36.9 0.00 2.1 12.1 3:59p S 14 68.3 87.1 3:19p 50.0 4:12a 0.0 50.0 0.00 2.0 13.0 2:48p ESE 15 78.1 91.0 3:45p 68.2 6:37a 0.0 59.8 0.00 3.3 15.2 11:10a SE 16 70.6 79.5 5:28p 63.7 11:17p 0.0 52.3 0.14 1.7 11.4 11:52a SE 17 71.4 85.5 12:43p 58.3 6:52a 0.0 54.3 0.00 0.9 7.6 1:44p E 18 70.8 83.8 5:30p 63.0 2:07a 0.0 52.6 0.00 0.2 6.0 4:45p WSW 19 75.5 93.9 3:59p 59.9 6:40a 0.0 57.2 0.00 0.4 5.4 12:43p ENE 20 78.2 88.7 4:55p 69.6 6:10a 0.0 59.9 0.00 1.4 12.1 4:47p E 21 73.6 85.6 2:59p 63.0 5:24a 0.0 55.0 0.45 1.6 29.8 2:50a ESE 22 69.5 79.5 3:24p 61.9 11:58p 0.0 51.3 0.14 1.7 11.4 5:58a ESE 23 59.7 68.7 3:20p 49.3 11:59p 0.0 41.2 0.05 1.8 10.7 12:59p S 24 55.2 73.0 5:15p 42.6 3:14a 0.0 37.0 0.00 0.9 6.9 12:18a WSW 25 54.1 70.3 1:01p 43.0 5:18a 0.0 35.8 0.08 0.5 6.0 1:34p S 26 59.3 72.7 5:22p 50.0 1:03a 0.0 41.0 0.28 0.2 7.6 12:27p W 27 69.0 85.1 2:22p 57.4 6:46a 0.0 50.7 0.22 1.1 10.7 3:29p ESE 28 74.1 84.9 3:41p 62.6 2:15a 0.0 55.9 0.00 1.7 13.6 2:45p ESE 29 78.8 90.3 4:10p 70.7 7:14a 0.0 60.5 0.00 1.9 11.4 3:46p ESE 30 78.5 89.6 3:28p 71.4 6:07a 0.0 60.2 0.00 1.4 13.0 12:21p ENE 31 72.3 80.2 5:48p 63.5 7:31a 0.0 54.0 1.04 1.3 13.0 5:28a E ---------------------------------------------------------------------------------- 66.5 93.9 19 39.0 12 0.01494.7 4.31 1.2 29.8 21 SE Max >= 27.0: 31 Max <= 0.0: 0 Min <= 0.0: 0 Min <= -18.0: 0 Max Rain: 1.04 on day 31 Days of Rain: 7 (>= 0.20 in) 0 (>= 2.00 in) 0 (>= 20.00 in) Heat Base: 18.3 Cool Base: 18.3 Method: Integration