NOAA-Style Climate Reports
Select a Year or Month report
2024: Jan Feb Mar Apr May Jun Jul Aug Sep Oct Nov Dec
2023: Jan Feb Mar Apr May Jun Jul Aug Sep Oct Nov Dec
2022: Jan Feb Mar Apr May Jun Jul Aug Sep Oct Nov Dec
2021: Jan Feb Mar Apr May Jun Jul Aug Sep Oct Nov Dec
2020: Jan Feb Mar Apr May Jun Jul Aug Sep Oct Nov Dec
2019: Jan Feb Mar Apr May Jun Jul Aug Sep Oct Nov Dec
2018: Jan Feb Mar Apr May Jun Jul Aug Sep Oct Nov Dec
2017: Jan Feb Mar Apr May Jun Jul Aug Sep Oct Nov Dec
2016: Jan Feb Mar Apr May Jun Jul Aug Sep Oct Nov Dec
2015: Jan Feb Mar Apr May Jun Jul Aug Sep Oct Nov Dec
2014: Jan Feb Mar Apr May Jun Jul Aug Sep Oct Nov Dec
2013: Jan Feb Mar Apr May Jun Jul Aug Sep Oct Nov Dec
2024: Jan Feb Mar Apr May Jun Jul Aug Sep Oct Nov Dec
2023: Jan Feb Mar Apr May Jun Jul Aug Sep Oct Nov Dec
2022: Jan Feb Mar Apr May Jun Jul Aug Sep Oct Nov Dec
2021: Jan Feb Mar Apr May Jun Jul Aug Sep Oct Nov Dec
2020: Jan Feb Mar Apr May Jun Jul Aug Sep Oct Nov Dec
2019: Jan Feb Mar Apr May Jun Jul Aug Sep Oct Nov Dec
2018: Jan Feb Mar Apr May Jun Jul Aug Sep Oct Nov Dec
2017: Jan Feb Mar Apr May Jun Jul Aug Sep Oct Nov Dec
2016: Jan Feb Mar Apr May Jun Jul Aug Sep Oct Nov Dec
2015: Jan Feb Mar Apr May Jun Jul Aug Sep Oct Nov Dec
2014: Jan Feb Mar Apr May Jun Jul Aug Sep Oct Nov Dec
2013: Jan Feb Mar Apr May Jun Jul Aug Sep Oct Nov Dec
Report for 2013 April
Monthly Climatological Summary for Apr 2013 Name: GosportWx.com City: Gosport State: IN Elevation: 751 ft Lat: N 39° 17' 52" Lon: W 086° 41' 56" Temperature (°F), Rain (in), Wind Speed (mph) Heat Cool Avg Mean Deg Deg Wind Dom Day Temp High Time Low Time Days Days Rain Speed High Time Dir ---------------------------------------------------------------------------------- 1 43.2 53.6 3:35p 31.1 11:38p 0.0 24.9 0.00 2.9 14.5 5:55p SSW 2 37.6 54.0 3:36p 24.6 7:42a 0.0 19.3 0.00 1.1 10.7 4:37p SSW 3 38.8 56.5 3:58p 23.2 7:27a 0.0 20.6 0.00 1.1 9.2 2:14p W 4 45.4 66.6 3:40p 30.2 6:54a 0.0 27.1 0.00 0.6 6.0 10:27a WNW 5 49.5 68.0 3:38p 33.8 4:25a 0.0 31.2 0.00 0.9 10.7 1:24p WSW 6 56.5 75.4 4:54p 37.8 3:43a 0.0 38.2 0.18 2.0 13.0 6:27p ENE 7 67.0 79.3 3:32p 58.6 11:59p 0.0 48.7 0.01 3.5 17.4 1:12a SE 8 63.7 76.1 3:12p 55.2 2:58a 0.0 45.5 0.14 2.1 15.2 3:15p ESE 9 70.0 81.9 3:04p 56.8 5:49a 0.0 51.7 0.00 2.7 18.3 3:00p ESE 10 73.7 82.8 2:51p 59.0 11:16p 0.0 55.5 0.01 3.1 15.9 2:58p ESE 11 60.5 67.8 12:35p 46.6 11:53p 0.0 42.1 0.99 2.5 15.2 1:40a SE 12 43.0 49.1 3:58p 36.3 7:15a 0.0 24.7 0.01 5.0 15.9 2:08p SSE 13 47.4 57.7 3:32p 39.2 7:46a 0.0 29.1 0.00 5.0 19.7 11:52a S 14 58.9 78.8 2:48p 37.6 3:00a 0.0 40.7 0.01 1.4 14.5 11:31p ENE 15 64.1 77.0 5:09p 57.6 7:31a 0.0 45.8 0.26 1.9 10.7 12:59a ENE 16 59.4 70.0 10:54a 51.4 11:52p 0.0 41.1 0.32 1.5 11.4 5:18a S 17 61.5 82.2 3:43p 50.7 2:07a 0.0 43.2 0.15 1.1 14.5 5:54p NNE 18 70.3 80.2 4:24p 51.8 11:57p 0.0 52.0 1.38 3.4 19.7 11:33a ESE 19 40.9 51.8 12:00a 37.6 11:58p 0.0 22.6 0.52 6.0 22.1 4:45p SSE 20 42.1 56.3 4:19p 32.7 6:41a 0.0 23.8 0.00 2.2 11.4 12:26p S 21 45.8 63.5 2:47p 30.4 6:07a 0.0 27.5 0.00 0.5 9.2 3:22p W 22 55.5 77.4 3:47p 33.8 7:09a 0.0 37.4 0.00 0.6 6.0 3:47p WNW 23 58.1 68.0 12:48p 50.2 4:33a 0.0 39.8 0.38 1.0 9.8 1:33p ENE 24 44.6 58.1 12:00a 36.9 10:57p 0.0 26.3 0.70 2.8 11.4 3:22p S 25 46.7 59.9 5:19p 35.8 3:24a 0.0 28.4 0.00 3.2 21.3 2:11p SSE 26 51.5 71.1 3:06p 32.7 6:41a 0.0 33.3 0.00 0.8 7.6 10:29a NE 27 53.4 63.1 11:56a 42.6 6:19a 0.0 34.9 0.06 0.4 6.9 11:31p N 28 57.0 62.6 1:30p 54.7 3:15a 0.0 38.7 0.28 1.3 12.1 1:42p SSE 29 61.9 76.1 5:06p 54.3 6:14a 0.0 43.7 0.01 1.1 6.9 2:03p ESE 30 68.5 88.3 3:51p 50.9 5:19a 0.0 50.3 0.00 0.9 10.7 1:33p ENE ---------------------------------------------------------------------------------- 54.6 88.3 30 23.2 3 0.01088.1 5.41 2.2 22.1 19 SSE Max >= 27.0: 30 Max <= 0.0: 0 Min <= 0.0: 0 Min <= -18.0: 0 Max Rain: 1.38 on day 18 Days of Rain: 8 (>= 0.20 in) 0 (>= 2.00 in) 0 (>= 20.00 in) Heat Base: 18.3 Cool Base: 18.3 Method: Integration